{"id":10714,"date":"2020-04-26T23:24:12","date_gmt":"2020-04-26T23:24:12","guid":{"rendered":"https:\/\/www.utsvirtual.edu.co\/sitio\/?page_id=10714"},"modified":"2023-09-22T04:46:51","modified_gmt":"2023-09-22T04:46:51","slug":"conexion-salud","status":"publish","type":"page","link":"https:\/\/www.utsvirtual.edu.co\/sitio\/conexion-salud\/","title":{"rendered":"Conexi\u00f3n Salud"},"content":{"rendered":"<div class=\"wpb-content-wrapper\"><section class=\"vc_section\"><div class=\"vc_row wpb_row vc_row-fluid\"><div class=\"wpb_column vc_column_container vc_col-sm-12\"><div class=\"vc_column-inner\"><div class=\"wpb_wrapper\">\n\t<div  class=\"wpb_single_image wpb_content_element vc_align_center wpb_content_element\">\n\t\t\n\t\t<figure class=\"wpb_wrapper vc_figure\">\n\t\t\t<div class=\"vc_single_image-wrapper   vc_box_border_grey\"><img loading=\"lazy\" decoding=\"async\" width=\"2560\" height=\"1009\" src=\"https:\/\/www.utsvirtual.edu.co\/sitio\/wp-content\/uploads\/2023\/09\/BANNER-CONEXION-SALUD-scaled.jpg\" class=\"vc_single_image-img attachment-full\" alt=\"\" title=\"BANNER CONEXI\u00d3N SALUD\" srcset=\"https:\/\/www.utsvirtual.edu.co\/sitio\/wp-content\/uploads\/2023\/09\/BANNER-CONEXION-SALUD-scaled.jpg 2560w, https:\/\/www.utsvirtual.edu.co\/sitio\/wp-content\/uploads\/2023\/09\/BANNER-CONEXION-SALUD-300x118.jpg 300w, https:\/\/www.utsvirtual.edu.co\/sitio\/wp-content\/uploads\/2023\/09\/BANNER-CONEXION-SALUD-1024x404.jpg 1024w, https:\/\/www.utsvirtual.edu.co\/sitio\/wp-content\/uploads\/2023\/09\/BANNER-CONEXION-SALUD-150x59.jpg 150w, https:\/\/www.utsvirtual.edu.co\/sitio\/wp-content\/uploads\/2023\/09\/BANNER-CONEXION-SALUD-768x303.jpg 768w, https:\/\/www.utsvirtual.edu.co\/sitio\/wp-content\/uploads\/2023\/09\/BANNER-CONEXION-SALUD-1536x605.jpg 1536w, https:\/\/www.utsvirtual.edu.co\/sitio\/wp-content\/uploads\/2023\/09\/BANNER-CONEXION-SALUD-2048x807.jpg 2048w\" sizes=\"auto, (max-width: 2560px) 100vw, 2560px\" \/><\/div>\n\t\t<\/figure>\n\t<\/div>\n<div class=\"vc_message_box vc_message_box-solid-icon vc_message_box-rounded vc_color-green vc_do_message\" ><div class=\"vc_message_box-icon\"><i class=\"fas fa-exclamation-circle\"><\/i><\/div><p style=\"text-align: justify;\"><span style=\"color: #000000;\">Partiendo del concepto de salud que hace la OMS \u201cLa\u00a0<strong>salud<\/strong>\u00a0es un estado de perfecto (completo) bienestar f\u00edsico, mental y social, y no s\u00f3lo la ausencia de\u00a0<strong>enfermedad\u201d,\u00a0<\/strong>Bienestar Institucional de las UTS toma la l\u00ednea de salud de forma integral para la atenci\u00f3n f\u00edsica (biol\u00f3gica) y Ps\u00edquica (mental o emocional) de su comunidad acad\u00e9mica.<\/span><\/p>\n<\/div><div class=\"vc_separator wpb_content_element vc_separator_align_center vc_sep_width_100 vc_sep_pos_align_center vc_sep_color_green vc_custom_1588289794376 wpb_content_element vc_separator-has-text\" ><span class=\"vc_sep_holder vc_sep_holder_l\"><span class=\"vc_sep_line\"><\/span><\/span><h4>Conexi\u00f3n Medicina<\/h4><span class=\"vc_sep_holder vc_sep_holder_r\"><span class=\"vc_sep_line\"><\/span><\/span>\n<\/div><div class=\"vc_row wpb_row vc_inner vc_row-fluid\"><div class=\"wpb_column vc_column_container vc_col-sm-3\"><div class=\"vc_column-inner\"><div class=\"wpb_wrapper\">\n\t<div  class=\"wpb_single_image wpb_content_element vc_align_center wpb_content_element\">\n\t\t\n\t\t<figure class=\"wpb_wrapper vc_figure\">\n\t\t\t<div class=\"vc_single_image-wrapper vc_box_rounded  vc_box_border_grey\"><img loading=\"lazy\" decoding=\"async\" width=\"863\" height=\"595\" src=\"https:\/\/www.utsvirtual.edu.co\/sitio\/wp-content\/uploads\/2023\/09\/MICROBANNER-CONEXION-MEDICINA.jpg\" class=\"vc_single_image-img attachment-full\" alt=\"\" title=\"MICROBANNER CONEXI\u00d3N MEDICINA\" srcset=\"https:\/\/www.utsvirtual.edu.co\/sitio\/wp-content\/uploads\/2023\/09\/MICROBANNER-CONEXION-MEDICINA.jpg 863w, https:\/\/www.utsvirtual.edu.co\/sitio\/wp-content\/uploads\/2023\/09\/MICROBANNER-CONEXION-MEDICINA-300x207.jpg 300w, https:\/\/www.utsvirtual.edu.co\/sitio\/wp-content\/uploads\/2023\/09\/MICROBANNER-CONEXION-MEDICINA-150x103.jpg 150w, https:\/\/www.utsvirtual.edu.co\/sitio\/wp-content\/uploads\/2023\/09\/MICROBANNER-CONEXION-MEDICINA-768x530.jpg 768w\" sizes=\"auto, (max-width: 863px) 100vw, 863px\" \/><\/div>\n\t\t<\/figure>\n\t<\/div>\n<\/div><\/div><\/div><div class=\"wpb_column vc_column_container vc_col-sm-9\"><div class=\"vc_column-inner\"><div class=\"wpb_wrapper\"><div class=\"vc_message_box vc_message_box-solid-icon vc_message_box-rounded vc_color-sky vc_do_message\" ><div class=\"vc_message_box-icon\"><i class=\"fas fa-laptop-medical\"><\/i><\/div><p style=\"text-align: justify;\"><span style=\"color: #000000;\">Esta \u00e1rea de salud interact\u00faa con estudiantes acerca de temas de promoci\u00f3n y prevenci\u00f3n en salud y estilos de vida saludable dando tips de cuidado primario en salud y asesor\u00eda acerca de c\u00f3mo abordar las patolog\u00edas m\u00e1s comunes en salud.\u00a0<\/span><\/p>\n<\/div><div class=\"vc_btn3-container vc_btn3-inline vc_do_btn\" ><a class=\"vc_general vc_btn3 vc_btn3-size-md vc_btn3-shape-rounded vc_btn3-style-modern vc_btn3-icon-left vc_btn3-color-sky\" href=\"https:\/\/www.utsvirtual.edu.co\/sitio\/conexion-medicina\/\" title=\"\"><i class=\"vc_btn3-icon fas fa-info\"><\/i> M\u00e1s informaci\u00f3n<\/a><\/div><\/div><\/div><\/div><\/div><div class=\"vc_row wpb_row vc_inner vc_row-fluid\"><div class=\"wpb_column vc_column_container vc_col-sm-12\"><div class=\"vc_column-inner\"><div class=\"wpb_wrapper\"><div class=\"vc_separator wpb_content_element vc_separator_align_center vc_sep_width_100 vc_sep_pos_align_center vc_sep_color_green vc_custom_1588289872892 wpb_content_element vc_separator-has-text\" ><span class=\"vc_sep_holder vc_sep_holder_l\"><span class=\"vc_sep_line\"><\/span><\/span><h4>Conexi\u00f3n Psicolog\u00eda<\/h4><span class=\"vc_sep_holder vc_sep_holder_r\"><span class=\"vc_sep_line\"><\/span><\/span>\n<\/div><\/div><\/div><\/div><\/div><\/div><\/div><\/div><\/div><div class=\"vc_row wpb_row vc_row-fluid\"><div class=\"wpb_column vc_column_container vc_col-sm-3\"><div class=\"vc_column-inner\"><div class=\"wpb_wrapper\">\n\t<div  class=\"wpb_single_image wpb_content_element vc_align_center wpb_content_element\">\n\t\t\n\t\t<figure class=\"wpb_wrapper vc_figure\">\n\t\t\t<div class=\"vc_single_image-wrapper vc_box_rounded  vc_box_border_grey\"><img loading=\"lazy\" decoding=\"async\" width=\"861\" height=\"592\" src=\"https:\/\/www.utsvirtual.edu.co\/sitio\/wp-content\/uploads\/2023\/09\/MICROBANNER-CONEXION-PSICOLOGIA.jpg\" class=\"vc_single_image-img attachment-full\" alt=\"\" title=\"MICROBANNER CONEXI\u00d3N PSICOLOG\u00cdA\" srcset=\"https:\/\/www.utsvirtual.edu.co\/sitio\/wp-content\/uploads\/2023\/09\/MICROBANNER-CONEXION-PSICOLOGIA.jpg 861w, https:\/\/www.utsvirtual.edu.co\/sitio\/wp-content\/uploads\/2023\/09\/MICROBANNER-CONEXION-PSICOLOGIA-300x206.jpg 300w, https:\/\/www.utsvirtual.edu.co\/sitio\/wp-content\/uploads\/2023\/09\/MICROBANNER-CONEXION-PSICOLOGIA-150x103.jpg 150w, https:\/\/www.utsvirtual.edu.co\/sitio\/wp-content\/uploads\/2023\/09\/MICROBANNER-CONEXION-PSICOLOGIA-768x528.jpg 768w\" sizes=\"auto, (max-width: 861px) 100vw, 861px\" \/><\/div>\n\t\t<\/figure>\n\t<\/div>\n<\/div><\/div><\/div><div class=\"wpb_column vc_column_container vc_col-sm-9\"><div class=\"vc_column-inner\"><div class=\"wpb_wrapper\"><div class=\"vc_message_box vc_message_box-solid-icon vc_message_box-rounded vc_color-peacoc vc_do_message\" ><div class=\"vc_message_box-icon\"><i class=\"fab fa-gratipay\"><\/i><\/div><p style=\"text-align: justify;\"><span style=\"color: #000000;\">Esta \u00e1rea te brinda orientaci\u00f3n psicol\u00f3gica de manera personalizada. Con el fin de brindarte herramientas que te permitan afrontar las diferentes situaciones vividas que causan malestar y as\u00ed mejorar tu calidad de vida. \u00c9ste servicio es de atenci\u00f3n b\u00e1sica y asistencia.<\/span><\/p>\n<\/div><div class=\"vc_btn3-container vc_btn3-inline vc_do_btn\" ><a class=\"vc_general vc_btn3 vc_btn3-size-md vc_btn3-shape-rounded vc_btn3-style-modern vc_btn3-icon-left vc_btn3-color-peacoc\" href=\"https:\/\/www.utsvirtual.edu.co\/sitio\/conexion-psicologia\/\" title=\"\"><i class=\"vc_btn3-icon fas fa-info\"><\/i> M\u00e1s informaci\u00f3n<\/a><\/div><\/div><\/div><\/div><\/div><\/section><div class=\"vc_row wpb_row vc_row-fluid\"><div class=\"wpb_column vc_column_container vc_col-sm-12\"><div class=\"vc_column-inner\"><div class=\"wpb_wrapper\"><div class=\"vc_message_box vc_message_box-solid-icon vc_message_box-rounded vc_color-pink vc_do_message\" ><div class=\"vc_message_box-icon\"><i class=\"fas fa-exclamation-circle\"><\/i><\/div><p style=\"text-align: justify;\">Si alg\u00fan estudiante presenta alguna condici\u00f3n de discapacidad o cuenten con necesidades educativas diversas puede escribir al correo <strong>inclusionuts@correo.uts.edu.co<\/strong> con el fin de abrir nuestros procesos de acompa\u00f1amiento junto a la Oficina de Desarrollo Acad\u00e9mico.<\/p>\n<\/div><\/div><\/div><\/div><\/div>\n<\/div>","protected":false},"excerpt":{"rendered":"Partiendo del concepto de salud que hace la OMS \u201cLa\u00a0salud\u00a0es un estado de perfecto (completo) bienestar f\u00edsico, mental y social, y no s\u00f3lo la ausencia de\u00a0enfermedad\u201d,\u00a0Bienestar Institucional de las UTS&hellip;","protected":false},"author":4,"featured_media":0,"parent":0,"menu_order":0,"comment_status":"closed","ping_status":"closed","template":"","meta":{"_monsterinsights_skip_tracking":false,"_monsterinsights_sitenote_active":false,"_monsterinsights_sitenote_note":"","_monsterinsights_sitenote_category":0,"_uf_show_specific_survey":0,"_uf_disable_surveys":false,"footnotes":""},"class_list":["post-10714","page","type-page","status-publish","hentry"],"aioseo_notices":[],"_links":{"self":[{"href":"https:\/\/www.utsvirtual.edu.co\/sitio\/wp-json\/wp\/v2\/pages\/10714","targetHints":{"allow":["GET"]}}],"collection":[{"href":"https:\/\/www.utsvirtual.edu.co\/sitio\/wp-json\/wp\/v2\/pages"}],"about":[{"href":"https:\/\/www.utsvirtual.edu.co\/sitio\/wp-json\/wp\/v2\/types\/page"}],"author":[{"embeddable":true,"href":"https:\/\/www.utsvirtual.edu.co\/sitio\/wp-json\/wp\/v2\/users\/4"}],"replies":[{"embeddable":true,"href":"https:\/\/www.utsvirtual.edu.co\/sitio\/wp-json\/wp\/v2\/comments?post=10714"}],"version-history":[{"count":6,"href":"https:\/\/www.utsvirtual.edu.co\/sitio\/wp-json\/wp\/v2\/pages\/10714\/revisions"}],"predecessor-version":[{"id":16491,"href":"https:\/\/www.utsvirtual.edu.co\/sitio\/wp-json\/wp\/v2\/pages\/10714\/revisions\/16491"}],"wp:attachment":[{"href":"https:\/\/www.utsvirtual.edu.co\/sitio\/wp-json\/wp\/v2\/media?parent=10714"}],"curies":[{"name":"wp","href":"https:\/\/api.w.org\/{rel}","templated":true}]}}