{"id":10873,"date":"2020-05-01T05:45:52","date_gmt":"2020-05-01T05:45:52","guid":{"rendered":"https:\/\/www.utsvirtual.edu.co\/sitio\/?page_id=10873"},"modified":"2023-09-22T16:01:07","modified_gmt":"2023-09-22T16:01:07","slug":"conexion-psicologia","status":"publish","type":"page","link":"https:\/\/www.utsvirtual.edu.co\/sitio\/conexion-psicologia\/","title":{"rendered":"Conexi\u00f3n Psicolog\u00eda"},"content":{"rendered":"<div class=\"wpb-content-wrapper\"><section class=\"vc_section\"><div class=\"vc_row wpb_row vc_row-fluid\"><div class=\"wpb_column vc_column_container vc_col-sm-12\"><div class=\"vc_column-inner\"><div class=\"wpb_wrapper\">\n\t<div  class=\"wpb_single_image wpb_content_element vc_align_left wpb_content_element\">\n\t\t\n\t\t<figure class=\"wpb_wrapper vc_figure\">\n\t\t\t<div class=\"vc_single_image-wrapper   vc_box_border_grey\"><img loading=\"lazy\" decoding=\"async\" width=\"1600\" height=\"625\" src=\"https:\/\/www.utsvirtual.edu.co\/sitio\/wp-content\/uploads\/2023\/09\/BANNER-CONEXION-PSICOLOGIA.jpg\" class=\"vc_single_image-img attachment-full\" alt=\"\" title=\"BANNER CONEXI\u00d3N PSICOLOG\u00cdA\" srcset=\"https:\/\/www.utsvirtual.edu.co\/sitio\/wp-content\/uploads\/2023\/09\/BANNER-CONEXION-PSICOLOGIA.jpg 1600w, https:\/\/www.utsvirtual.edu.co\/sitio\/wp-content\/uploads\/2023\/09\/BANNER-CONEXION-PSICOLOGIA-300x117.jpg 300w, https:\/\/www.utsvirtual.edu.co\/sitio\/wp-content\/uploads\/2023\/09\/BANNER-CONEXION-PSICOLOGIA-1024x400.jpg 1024w, https:\/\/www.utsvirtual.edu.co\/sitio\/wp-content\/uploads\/2023\/09\/BANNER-CONEXION-PSICOLOGIA-150x59.jpg 150w, https:\/\/www.utsvirtual.edu.co\/sitio\/wp-content\/uploads\/2023\/09\/BANNER-CONEXION-PSICOLOGIA-768x300.jpg 768w, https:\/\/www.utsvirtual.edu.co\/sitio\/wp-content\/uploads\/2023\/09\/BANNER-CONEXION-PSICOLOGIA-1536x600.jpg 1536w\" sizes=\"auto, (max-width: 1600px) 100vw, 1600px\" \/><\/div>\n\t\t<\/figure>\n\t<\/div>\n<\/div><\/div><\/div><\/div><div class=\"vc_row wpb_row vc_row-fluid\"><div class=\"wpb_column vc_column_container vc_col-sm-3\"><div class=\"vc_column-inner\"><div class=\"wpb_wrapper\"><div class=\"vc_message_box vc_message_box-solid-icon vc_message_box-rounded vc_color-peacoc vc_do_message\" ><div class=\"vc_message_box-icon\"><i class=\"\"><\/i><\/div><p align=\"justify\"><strong>N\u00famero<\/strong>: 6917700<br \/>\n<strong>Extensi\u00f3n<\/strong>: 1123<br \/>\n<strong>Contacto:<\/strong> asesoriapsicologica@correo.uts.edu.co<\/p>\n<\/div><div class=\"vc_btn3-container vc_btn3-center vc_do_btn\" ><a class=\"vc_general vc_btn3 vc_btn3-size-md vc_btn3-shape-rounded vc_btn3-style-modern vc_btn3-block vc_btn3-icon-left vc_btn3-color-primary\" href=\"https:\/\/www.utsvirtual.edu.co\/sitio\/citas\" title=\"\" target=\"_blank\"><i class=\"vc_btn3-icon fas fa-calendar-alt\"><\/i> Solicitar Cita<\/a><\/div><\/div><\/div><\/div><div class=\"wpb_column vc_column_container vc_col-sm-9\"><div class=\"vc_column-inner\"><div class=\"wpb_wrapper\"><div class=\"vc_message_box vc_message_box-solid-icon vc_message_box-rounded vc_color-peacoc vc_do_message\" ><div class=\"vc_message_box-icon\"><i class=\"\"><\/i><\/div><p style=\"text-align: justify;\">La Consulta Psicol\u00f3gica dar\u00e1 atenci\u00f3n de apoyo, intervenci\u00f3n en crisis, as\u00ed como orientaci\u00f3n para la prevenci\u00f3n y la promoci\u00f3n de la salud.<\/p>\n<p style=\"text-align: justify;\">Puede\u00a0<strong>agendar una cita<\/strong> puede hacerlo a trav\u00e9s del bot\u00f3n <strong>Solicitar Cita, <\/strong>aquellos estudiantes que no puedan en los horarios dispuestos en ese horario por favor escribir a <span style=\"color: #339966;\"><strong>asesoriapsicologica@correo.uts.edu.co<\/strong><\/span> para solicitar el acompa\u00f1amiento de acuerdo a la disponibilidad de las profesionales , enviar esta informaci\u00f3n:<\/p>\n<ul>\n<li>Necesidad en salud.<\/li>\n<li>Nombre completo.<\/li>\n<li>Correo electr\u00f3nico.<\/li>\n<li>N\u00famero telef\u00f3nico.<\/li>\n<li>Programa acad\u00e9mico.<\/li>\n<\/ul>\n<\/div><div class=\"vc_separator wpb_content_element vc_separator_align_center vc_sep_width_100 vc_sep_pos_align_center vc_sep_color_green vc_custom_1588306487177 wpb_content_element vc_separator-has-text\" ><span class=\"vc_sep_holder vc_sep_holder_l\"><span class=\"vc_sep_line\"><\/span><\/span><h4>Recursos Multimedia<\/h4><span class=\"vc_sep_holder vc_sep_holder_r\"><span class=\"vc_sep_line\"><\/span><\/span>\n<\/div><div class=\"vc_row wpb_row vc_inner vc_row-fluid\"><div class=\"wpb_column vc_column_container vc_col-sm-4\"><div class=\"vc_column-inner\"><div class=\"wpb_wrapper\">\t<div class=\"video-banner\">\n        <div class=\"video-button\">\n            <a href=\"https:\/\/www.youtube.com\/watch?v=ZE-ExwVEEOE\" class=\"cdb-video-icon video-thumbnail\"><\/a>\n        <\/div>\n\t\t<div class=\"video-banner-image\" style=\"padding-bottom: 48.052691867125%;\">\n            \t\t\t    <img loading=\"lazy\" decoding=\"async\" width=\"1746\" height=\"839\" src=\"https:\/\/www.utsvirtual.edu.co\/sitio\/wp-content\/uploads\/2023\/09\/viode-2.jpg\" class=\"attachment-full size-full\" alt=\"\" srcset=\"https:\/\/www.utsvirtual.edu.co\/sitio\/wp-content\/uploads\/2023\/09\/viode-2.jpg 1746w, https:\/\/www.utsvirtual.edu.co\/sitio\/wp-content\/uploads\/2023\/09\/viode-2-300x144.jpg 300w, https:\/\/www.utsvirtual.edu.co\/sitio\/wp-content\/uploads\/2023\/09\/viode-2-1024x492.jpg 1024w, https:\/\/www.utsvirtual.edu.co\/sitio\/wp-content\/uploads\/2023\/09\/viode-2-150x72.jpg 150w, https:\/\/www.utsvirtual.edu.co\/sitio\/wp-content\/uploads\/2023\/09\/viode-2-768x369.jpg 768w, https:\/\/www.utsvirtual.edu.co\/sitio\/wp-content\/uploads\/2023\/09\/viode-2-1536x738.jpg 1536w\" sizes=\"auto, (max-width: 1746px) 100vw, 1746px\" \/>            \t\t<\/div>\n        \t<\/div>\n\t<div class=\"video-banner\">\n        <div class=\"video-button\">\n            <a href=\"https:\/\/www.youtube.com\/watch?v=z9uKaT1c7QM\" class=\"cdb-video-icon video-thumbnail\"><\/a>\n        <\/div>\n\t\t<div class=\"video-banner-image\" style=\"padding-bottom: 52.545155993432%;\">\n            \t\t\t    <img loading=\"lazy\" decoding=\"async\" width=\"1218\" height=\"640\" src=\"https:\/\/www.utsvirtual.edu.co\/sitio\/wp-content\/uploads\/2020\/05\/sdfsdf.jpg\" class=\"attachment-full size-full\" alt=\"\" srcset=\"https:\/\/www.utsvirtual.edu.co\/sitio\/wp-content\/uploads\/2020\/05\/sdfsdf.jpg 1218w, https:\/\/www.utsvirtual.edu.co\/sitio\/wp-content\/uploads\/2020\/05\/sdfsdf-300x158.jpg 300w, https:\/\/www.utsvirtual.edu.co\/sitio\/wp-content\/uploads\/2020\/05\/sdfsdf-768x404.jpg 768w, https:\/\/www.utsvirtual.edu.co\/sitio\/wp-content\/uploads\/2020\/05\/sdfsdf-1024x538.jpg 1024w\" sizes=\"auto, (max-width: 1218px) 100vw, 1218px\" \/>            \t\t<\/div>\n        \t<\/div>\n\t<div class=\"video-banner\">\n        <div class=\"video-button\">\n            <a href=\"https:\/\/www.youtube.com\/watch?v=S89xymw_izo\" class=\"cdb-video-icon video-thumbnail\"><\/a>\n        <\/div>\n\t\t<div class=\"video-banner-image\" style=\"padding-bottom: 52.545155993432%;\">\n            \t\t\t    <img loading=\"lazy\" decoding=\"async\" width=\"1218\" height=\"640\" src=\"https:\/\/www.utsvirtual.edu.co\/sitio\/wp-content\/uploads\/2020\/05\/3123.jpg\" class=\"attachment-full size-full\" alt=\"\" srcset=\"https:\/\/www.utsvirtual.edu.co\/sitio\/wp-content\/uploads\/2020\/05\/3123.jpg 1218w, https:\/\/www.utsvirtual.edu.co\/sitio\/wp-content\/uploads\/2020\/05\/3123-300x158.jpg 300w, https:\/\/www.utsvirtual.edu.co\/sitio\/wp-content\/uploads\/2020\/05\/3123-768x404.jpg 768w, https:\/\/www.utsvirtual.edu.co\/sitio\/wp-content\/uploads\/2020\/05\/3123-1024x538.jpg 1024w\" sizes=\"auto, (max-width: 1218px) 100vw, 1218px\" \/>            \t\t<\/div>\n        \t<\/div>\n<\/div><\/div><\/div><div class=\"wpb_column vc_column_container vc_col-sm-4\"><div class=\"vc_column-inner\"><div class=\"wpb_wrapper\">\t<div class=\"video-banner\">\n        <div class=\"video-button\">\n            <a href=\"https:\/\/www.youtube.com\/watch?v=Frd4YUwYjxc\" class=\"cdb-video-icon video-thumbnail\"><\/a>\n        <\/div>\n\t\t<div class=\"video-banner-image\" style=\"padding-bottom: 52.545155993432%;\">\n            \t\t\t    <img loading=\"lazy\" decoding=\"async\" width=\"1218\" height=\"640\" src=\"https:\/\/www.utsvirtual.edu.co\/sitio\/wp-content\/uploads\/2020\/05\/sdf.jpg\" class=\"attachment-full size-full\" alt=\"\" srcset=\"https:\/\/www.utsvirtual.edu.co\/sitio\/wp-content\/uploads\/2020\/05\/sdf.jpg 1218w, https:\/\/www.utsvirtual.edu.co\/sitio\/wp-content\/uploads\/2020\/05\/sdf-300x158.jpg 300w, https:\/\/www.utsvirtual.edu.co\/sitio\/wp-content\/uploads\/2020\/05\/sdf-768x404.jpg 768w, https:\/\/www.utsvirtual.edu.co\/sitio\/wp-content\/uploads\/2020\/05\/sdf-1024x538.jpg 1024w\" sizes=\"auto, (max-width: 1218px) 100vw, 1218px\" \/>            \t\t<\/div>\n        \t<\/div>\n\t<div class=\"video-banner\">\n        <div class=\"video-button\">\n            <a href=\"https:\/\/www.youtube.com\/watch?v=ZMtDUcPpLP0\" class=\"cdb-video-icon video-thumbnail\"><\/a>\n        <\/div>\n\t\t<div class=\"video-banner-image\" style=\"padding-bottom: 52.545155993432%;\">\n            \t\t\t    <img loading=\"lazy\" decoding=\"async\" width=\"1218\" height=\"640\" src=\"https:\/\/www.utsvirtual.edu.co\/sitio\/wp-content\/uploads\/2020\/05\/riuweyr.jpg\" class=\"attachment-full size-full\" alt=\"\" srcset=\"https:\/\/www.utsvirtual.edu.co\/sitio\/wp-content\/uploads\/2020\/05\/riuweyr.jpg 1218w, https:\/\/www.utsvirtual.edu.co\/sitio\/wp-content\/uploads\/2020\/05\/riuweyr-300x158.jpg 300w, https:\/\/www.utsvirtual.edu.co\/sitio\/wp-content\/uploads\/2020\/05\/riuweyr-768x404.jpg 768w, https:\/\/www.utsvirtual.edu.co\/sitio\/wp-content\/uploads\/2020\/05\/riuweyr-1024x538.jpg 1024w\" sizes=\"auto, (max-width: 1218px) 100vw, 1218px\" \/>            \t\t<\/div>\n        \t<\/div>\n\t<div class=\"video-banner\">\n        <div class=\"video-button\">\n            <a href=\"https:\/\/www.youtube.com\/watch?v=bOsVbuToZyE\" class=\"cdb-video-icon video-thumbnail\"><\/a>\n        <\/div>\n\t\t<div class=\"video-banner-image\" style=\"padding-bottom: 52.545155993432%;\">\n            \t\t\t    <img loading=\"lazy\" decoding=\"async\" width=\"1218\" height=\"640\" src=\"https:\/\/www.utsvirtual.edu.co\/sitio\/wp-content\/uploads\/2020\/05\/2354237598.jpg\" class=\"attachment-full size-full\" alt=\"\" srcset=\"https:\/\/www.utsvirtual.edu.co\/sitio\/wp-content\/uploads\/2020\/05\/2354237598.jpg 1218w, https:\/\/www.utsvirtual.edu.co\/sitio\/wp-content\/uploads\/2020\/05\/2354237598-300x158.jpg 300w, https:\/\/www.utsvirtual.edu.co\/sitio\/wp-content\/uploads\/2020\/05\/2354237598-768x404.jpg 768w, https:\/\/www.utsvirtual.edu.co\/sitio\/wp-content\/uploads\/2020\/05\/2354237598-1024x538.jpg 1024w\" sizes=\"auto, (max-width: 1218px) 100vw, 1218px\" \/>            \t\t<\/div>\n        \t<\/div>\n<\/div><\/div><\/div><div class=\"wpb_column vc_column_container vc_col-sm-4\"><div class=\"vc_column-inner\"><div class=\"wpb_wrapper\">\t<div class=\"video-banner\">\n        <div class=\"video-button\">\n            <a href=\"https:\/\/www.youtube.com\/watch?v=MNG6D1vpkkk\" class=\"cdb-video-icon video-thumbnail\"><\/a>\n        <\/div>\n\t\t<div class=\"video-banner-image\" style=\"padding-bottom: 52.545155993432%;\">\n            \t\t\t    <img loading=\"lazy\" decoding=\"async\" width=\"1218\" height=\"640\" src=\"https:\/\/www.utsvirtual.edu.co\/sitio\/wp-content\/uploads\/2020\/05\/dfg.jpg\" class=\"attachment-full size-full\" alt=\"\" srcset=\"https:\/\/www.utsvirtual.edu.co\/sitio\/wp-content\/uploads\/2020\/05\/dfg.jpg 1218w, https:\/\/www.utsvirtual.edu.co\/sitio\/wp-content\/uploads\/2020\/05\/dfg-300x158.jpg 300w, https:\/\/www.utsvirtual.edu.co\/sitio\/wp-content\/uploads\/2020\/05\/dfg-768x404.jpg 768w, https:\/\/www.utsvirtual.edu.co\/sitio\/wp-content\/uploads\/2020\/05\/dfg-1024x538.jpg 1024w\" sizes=\"auto, (max-width: 1218px) 100vw, 1218px\" \/>            \t\t<\/div>\n        \t<\/div>\n\t<div class=\"video-banner\">\n        <div class=\"video-button\">\n            <a href=\"https:\/\/www.youtube.com\/watch?v=E2cCO6CGbpg\" class=\"cdb-video-icon video-thumbnail\"><\/a>\n        <\/div>\n\t\t<div class=\"video-banner-image\" style=\"padding-bottom: 52.545155993432%;\">\n            \t\t\t    <img loading=\"lazy\" decoding=\"async\" width=\"1218\" height=\"640\" src=\"https:\/\/www.utsvirtual.edu.co\/sitio\/wp-content\/uploads\/2020\/05\/a2344234.jpg\" class=\"attachment-full size-full\" alt=\"\" srcset=\"https:\/\/www.utsvirtual.edu.co\/sitio\/wp-content\/uploads\/2020\/05\/a2344234.jpg 1218w, https:\/\/www.utsvirtual.edu.co\/sitio\/wp-content\/uploads\/2020\/05\/a2344234-300x158.jpg 300w, https:\/\/www.utsvirtual.edu.co\/sitio\/wp-content\/uploads\/2020\/05\/a2344234-768x404.jpg 768w, https:\/\/www.utsvirtual.edu.co\/sitio\/wp-content\/uploads\/2020\/05\/a2344234-1024x538.jpg 1024w\" sizes=\"auto, (max-width: 1218px) 100vw, 1218px\" \/>            \t\t<\/div>\n        \t<\/div>\n<\/div><\/div><\/div><\/div><\/div><\/div><\/div><\/div><\/section>\n<\/div>","protected":false},"excerpt":{"rendered":"N\u00famero: 6917700 Extensi\u00f3n: 1123 Contacto: asesoriapsicologica@correo.uts.edu.co Solicitar CitaLa Consulta Psicol\u00f3gica dar\u00e1 atenci\u00f3n de apoyo, intervenci\u00f3n en crisis, as\u00ed como orientaci\u00f3n para la prevenci\u00f3n y la promoci\u00f3n de la salud. Puede\u00a0agendar&hellip;","protected":false},"author":4,"featured_media":0,"parent":0,"menu_order":0,"comment_status":"closed","ping_status":"closed","template":"","meta":{"_monsterinsights_skip_tracking":false,"_monsterinsights_sitenote_active":false,"_monsterinsights_sitenote_note":"","_monsterinsights_sitenote_category":0,"_uf_show_specific_survey":0,"_uf_disable_surveys":false,"footnotes":""},"class_list":["post-10873","page","type-page","status-publish","hentry"],"aioseo_notices":[],"_links":{"self":[{"href":"https:\/\/www.utsvirtual.edu.co\/sitio\/wp-json\/wp\/v2\/pages\/10873","targetHints":{"allow":["GET"]}}],"collection":[{"href":"https:\/\/www.utsvirtual.edu.co\/sitio\/wp-json\/wp\/v2\/pages"}],"about":[{"href":"https:\/\/www.utsvirtual.edu.co\/sitio\/wp-json\/wp\/v2\/types\/page"}],"author":[{"embeddable":true,"href":"https:\/\/www.utsvirtual.edu.co\/sitio\/wp-json\/wp\/v2\/users\/4"}],"replies":[{"embeddable":true,"href":"https:\/\/www.utsvirtual.edu.co\/sitio\/wp-json\/wp\/v2\/comments?post=10873"}],"version-history":[{"count":8,"href":"https:\/\/www.utsvirtual.edu.co\/sitio\/wp-json\/wp\/v2\/pages\/10873\/revisions"}],"predecessor-version":[{"id":16502,"href":"https:\/\/www.utsvirtual.edu.co\/sitio\/wp-json\/wp\/v2\/pages\/10873\/revisions\/16502"}],"wp:attachment":[{"href":"https:\/\/www.utsvirtual.edu.co\/sitio\/wp-json\/wp\/v2\/media?parent=10873"}],"curies":[{"name":"wp","href":"https:\/\/api.w.org\/{rel}","templated":true}]}}