{"id":16090,"date":"2023-04-29T02:57:33","date_gmt":"2023-04-29T02:57:33","guid":{"rendered":"https:\/\/www.utsvirtual.edu.co\/sitio\/?page_id=16090"},"modified":"2026-02-27T14:47:34","modified_gmt":"2026-02-27T14:47:34","slug":"calendario-academico-ii-2023","status":"publish","type":"page","link":"https:\/\/www.utsvirtual.edu.co\/sitio\/calendario-academico-ii-2023\/","title":{"rendered":"Calendario Acad\u00e9mico Modalidad Virtual"},"content":{"rendered":"<div class=\"wpb-content-wrapper\"><div class=\"vc_row wpb_row vc_row-fluid\"><div class=\"wpb_column vc_column_container vc_col-sm-12\"><div class=\"vc_column-inner\"><div class=\"wpb_wrapper\">\n\t<div  class=\"wpb_single_image wpb_content_element vc_align_center wpb_content_element\">\n\t\t\n\t\t<figure class=\"wpb_wrapper vc_figure\">\n\t\t\t<div class=\"vc_single_image-wrapper   vc_box_border_grey\"><img fetchpriority=\"high\" decoding=\"async\" width=\"6667\" height=\"2275\" src=\"https:\/\/www.utsvirtual.edu.co\/sitio\/wp-content\/uploads\/2023\/09\/Mapa-de-navegacion-2023-01-1.png\" class=\"vc_single_image-img attachment-full\" alt=\"\" title=\"Mapa de navegaci\u00f3n 2023-01\" srcset=\"https:\/\/www.utsvirtual.edu.co\/sitio\/wp-content\/uploads\/2023\/09\/Mapa-de-navegacion-2023-01-1.png 6667w, https:\/\/www.utsvirtual.edu.co\/sitio\/wp-content\/uploads\/2023\/09\/Mapa-de-navegacion-2023-01-1-300x102.png 300w, https:\/\/www.utsvirtual.edu.co\/sitio\/wp-content\/uploads\/2023\/09\/Mapa-de-navegacion-2023-01-1-1024x349.png 1024w, https:\/\/www.utsvirtual.edu.co\/sitio\/wp-content\/uploads\/2023\/09\/Mapa-de-navegacion-2023-01-1-150x51.png 150w, https:\/\/www.utsvirtual.edu.co\/sitio\/wp-content\/uploads\/2023\/09\/Mapa-de-navegacion-2023-01-1-768x262.png 768w, https:\/\/www.utsvirtual.edu.co\/sitio\/wp-content\/uploads\/2023\/09\/Mapa-de-navegacion-2023-01-1-1536x524.png 1536w, https:\/\/www.utsvirtual.edu.co\/sitio\/wp-content\/uploads\/2023\/09\/Mapa-de-navegacion-2023-01-1-2048x699.png 2048w\" sizes=\"(max-width: 6667px) 100vw, 6667px\" \/><\/div>\n\t\t<\/figure>\n\t<\/div>\n<div class=\"vc_separator wpb_content_element vc_separator_align_center vc_sep_width_100 vc_sep_pos_align_center vc_separator_no_text vc_sep_color_grey wpb_content_element  wpb_content_element\" ><span class=\"vc_sep_holder vc_sep_holder_l\"><span class=\"vc_sep_line\"><\/span><\/span><span class=\"vc_sep_holder vc_sep_holder_r\"><span class=\"vc_sep_line\"><\/span><\/span>\n<\/div><div class=\"vc_row wpb_row vc_inner vc_row-fluid\"><div class=\"wpb_column vc_column_container vc_col-sm-3\"><div class=\"vc_column-inner\"><div class=\"wpb_wrapper\"><div class=\"vc_btn3-container vc_btn3-center vc_do_btn\" ><a class=\"vc_general vc_btn3 vc_btn3-size-md vc_btn3-shape-rounded vc_btn3-style-modern vc_btn3-color-green\" href=\"https:\/\/www.utsvirtual.edu.co\/sitio\/wp-content\/uploads\/2025\/10\/ACUERDO-No.-03-053-CALENDARIO-ACADEMICO-VRITUAL-2026_V1.pdf\" title=\"Calendario acad\u00e9mico primer semestre de 2026-V1 \u2013 Modalidad Virtual\" target=\"_blank\">Ver Calendario Acad\u00e9mico 2026-1<\/a><\/div><\/div><\/div><\/div><div class=\"wpb_column vc_column_container vc_col-sm-3\"><div class=\"vc_column-inner\"><div class=\"wpb_wrapper\"><div class=\"vc_btn3-container vc_btn3-center vc_do_btn\" ><a class=\"vc_general vc_btn3 vc_btn3-size-md vc_btn3-shape-rounded vc_btn3-style-modern vc_btn3-color-primary\" href=\"https:\/\/www.utsvirtual.edu.co\/sitio\/wp-content\/uploads\/2026\/02\/ACUERDO-03-037-MODIFICACION-CALENDARIO-ACADEMICO-VIRTUAL.pdf\" title=\"Modificaci\u00f3n Calendario Academic\u00f3 2025-2\" target=\"_blank\">Ver Calendario Acad\u00e9mico 2025-2 (Modificaci\u00f3n II)<\/a><\/div><\/div><\/div><\/div><div class=\"wpb_column vc_column_container vc_col-sm-3\"><div class=\"vc_column-inner\"><div class=\"wpb_wrapper\"><div class=\"vc_btn3-container vc_btn3-center vc_do_btn\" ><a class=\"vc_general vc_btn3 vc_btn3-size-md vc_btn3-shape-rounded vc_btn3-style-modern vc_btn3-color-primary\" href=\"https:\/\/www.utsvirtual.edu.co\/sitio\/wp-content\/uploads\/2026\/02\/ACUERDO_No._03-034_MODIFICACION_CALENDARIO_VIRTUAL_II_SEMESTRE1.pdf\" title=\"Modificaci\u00f3n Calendario Academic\u00f3 2025-2\" target=\"_blank\">Ver Calendario Acad\u00e9mico 2025-2 (Modificaci\u00f3n I )<\/a><\/div><\/div><\/div><\/div><div class=\"wpb_column vc_column_container vc_col-sm-3\"><div class=\"vc_column-inner\"><div class=\"wpb_wrapper\"><div class=\"vc_btn3-container vc_btn3-center vc_do_btn\" ><a class=\"vc_general vc_btn3 vc_btn3-size-md vc_btn3-shape-rounded vc_btn3-style-modern vc_btn3-color-primary\" href=\"https:\/\/www.utsvirtual.edu.co\/sitio\/wp-content\/uploads\/2026\/02\/ACUERDO-No.-03-019-CALENDARIO-ACADEMICO-VIRTUAL-2025-2.pdf\" title=\"Modificaci\u00f3n Calendario Academic\u00f3 2025-2\" target=\"_blank\">Ver Calendario Acad\u00e9mico 2025-2 <\/a><\/div><\/div><\/div><\/div><\/div><div class=\"vc_separator wpb_content_element vc_separator_align_center vc_sep_width_100 vc_sep_pos_align_center vc_separator_no_text vc_sep_color_grey wpb_content_element  wpb_content_element\" ><span class=\"vc_sep_holder vc_sep_holder_l\"><span class=\"vc_sep_line\"><\/span><\/span><span class=\"vc_sep_holder vc_sep_holder_r\"><span class=\"vc_sep_line\"><\/span><\/span>\n<\/div>\n\t<div class=\"wpb_text_column wpb_content_element\" >\n\t\t<div class=\"wpb_wrapper\">\n\t\t\t<h4 style=\"text-align: center;\"><span style=\"color: #008000;\">\u00a0Calendario Acad\u00e9mico 2026-1<\/span><\/h4>\n<p><iframe id=\"pdf\" src=\"http:\/\/docs.google.com\/gview?url=https:\/\/www.utsvirtual.edu.co\/sitio\/wp-content\/uploads\/2025\/10\/ACUERDO-No.-03-053-CALENDARIO-ACADEMICO-VRITUAL-2026_V1.pdf?_t=1688152128&amp;embedded=true\" width=\"100%\" height=\"550\" frameborder=\"0\" marginwidth=\"0\" marginheight=\"0\" data-mce-fragment=\"1\"><span data-mce-type=\"bookmark\" style=\"display: inline-block; width: 0px; overflow: hidden; line-height: 0;\" class=\"mce_SELRES_start\">\ufeff<\/span><span data-mce-type=\"bookmark\" style=\"display: inline-block; width: 0px; overflow: hidden; line-height: 0;\" class=\"mce_SELRES_start\">\ufeff<\/span><span data-mce-type=\"bookmark\" style=\"display: inline-block; width: 0px; overflow: hidden; line-height: 0;\" class=\"mce_SELRES_start\">\ufeff<\/span><\/iframe><\/p>\n<p><span style=\"color: #3366ff;\">Tambi\u00e9n puedes descargarte el PDF del Calendario I semestre 2026: <a href=\"https:\/\/www.utsvirtual.edu.co\/sitio\/wp-content\/uploads\/2025\/10\/ACUERDO-No.-03-053-CALENDARIO-ACADEMICO-VRITUAL-2026_V1.pdf\" target=\"_blank\" rel=\"noopener\">Aqu\u00ed<\/a><\/span><\/p>\n\n\t\t<\/div>\n\t<\/div>\n\n\t<div class=\"wpb_text_column wpb_content_element\" >\n\t\t<div class=\"wpb_wrapper\">\n\t\t\t<h4 style=\"text-align: center;\"><span style=\"color: #008000;\">\u00a0Calendario Acad\u00e9mico 2025-2<\/span><\/h4>\n<p><iframe id=\"pdf\" src=\"http:\/\/docs.google.com\/gview?url=https:\/\/www.utsvirtual.edu.co\/sitio\/wp-content\/uploads\/2025\/06\/ACUERDO_No._03-034_MODIFICACION_CALENDARIO_VIRTUAL_II_SEMESTRE1.pdf?_t=1688152128&amp;embedded=true\" width=\"100%\" height=\"550\" frameborder=\"0\" marginwidth=\"0\" marginheight=\"0\" data-mce-fragment=\"1\"><span data-mce-type=\"bookmark\" style=\"display: inline-block; width: 0px; overflow: hidden; line-height: 0;\" class=\"mce_SELRES_start\">\ufeff<\/span><span data-mce-type=\"bookmark\" style=\"display: inline-block; width: 0px; overflow: hidden; line-height: 0;\" class=\"mce_SELRES_start\">\ufeff<\/span><\/iframe><\/p>\n<p><span style=\"color: #3366ff;\">Tambi\u00e9n puedes descargarte el PDF del Calendario II semestre 2025: <a href=\"https:\/\/www.utsvirtual.edu.co\/sitio\/wp-content\/uploads\/2025\/06\/ACUERDO_No._03-034_MODIFICACION_CALENDARIO_VIRTUAL_II_SEMESTRE1.pdf\" target=\"_blank\" rel=\"noopener\">Aqu\u00ed<\/a><\/span><\/p>\n\n\t\t<\/div>\n\t<\/div>\n<\/div><\/div><\/div><\/div>\n<\/div>","protected":false},"excerpt":{"rendered":"Ver Calendario Acad\u00e9mico 2026-1Ver Calendario Acad\u00e9mico 2025-2 (Modificaci\u00f3n II)Ver Calendario Acad\u00e9mico 2025-2 (Modificaci\u00f3n I )Ver Calendario Acad\u00e9mico 2025-2 \u00a0Calendario Acad\u00e9mico 2026-1 \ufeff\ufeff\ufeff Tambi\u00e9n puedes descargarte el PDF del Calendario I&hellip;","protected":false},"author":4,"featured_media":0,"parent":0,"menu_order":0,"comment_status":"closed","ping_status":"closed","template":"","meta":{"_monsterinsights_skip_tracking":false,"_monsterinsights_sitenote_active":false,"_monsterinsights_sitenote_note":"","_monsterinsights_sitenote_category":0,"_uf_show_specific_survey":0,"_uf_disable_surveys":false,"footnotes":""},"class_list":["post-16090","page","type-page","status-publish","hentry"],"aioseo_notices":[],"_links":{"self":[{"href":"https:\/\/www.utsvirtual.edu.co\/sitio\/wp-json\/wp\/v2\/pages\/16090","targetHints":{"allow":["GET"]}}],"collection":[{"href":"https:\/\/www.utsvirtual.edu.co\/sitio\/wp-json\/wp\/v2\/pages"}],"about":[{"href":"https:\/\/www.utsvirtual.edu.co\/sitio\/wp-json\/wp\/v2\/types\/page"}],"author":[{"embeddable":true,"href":"https:\/\/www.utsvirtual.edu.co\/sitio\/wp-json\/wp\/v2\/users\/4"}],"replies":[{"embeddable":true,"href":"https:\/\/www.utsvirtual.edu.co\/sitio\/wp-json\/wp\/v2\/comments?post=16090"}],"version-history":[{"count":27,"href":"https:\/\/www.utsvirtual.edu.co\/sitio\/wp-json\/wp\/v2\/pages\/16090\/revisions"}],"predecessor-version":[{"id":17684,"href":"https:\/\/www.utsvirtual.edu.co\/sitio\/wp-json\/wp\/v2\/pages\/16090\/revisions\/17684"}],"wp:attachment":[{"href":"https:\/\/www.utsvirtual.edu.co\/sitio\/wp-json\/wp\/v2\/media?parent=16090"}],"curies":[{"name":"wp","href":"https:\/\/api.w.org\/{rel}","templated":true}]}}