{"id":16309,"date":"2023-08-23T21:28:30","date_gmt":"2023-08-23T21:28:30","guid":{"rendered":"https:\/\/www.utsvirtual.edu.co\/sitio\/?page_id=16309"},"modified":"2023-09-22T16:45:39","modified_gmt":"2023-09-22T16:45:39","slug":"ingrese-al-aula-virtual-de-su-interes","status":"publish","type":"page","link":"https:\/\/www.utsvirtual.edu.co\/sitio\/ingrese-al-aula-virtual-de-su-interes\/","title":{"rendered":"Ingrese al Aula Virtual de su inter\u00e9s:"},"content":{"rendered":"<div class=\"wpb-content-wrapper\"><div class=\"vc_row wpb_row vc_row-fluid\"><div class=\"wpb_column vc_column_container vc_col-sm-1\/5\"><div class=\"vc_column-inner\"><div class=\"wpb_wrapper\">\n\t<div  class=\"wpb_single_image wpb_content_element vc_align_center wpb_content_element\">\n\t\t\n\t\t<figure class=\"wpb_wrapper vc_figure\">\n\t\t\t<a href=\"https:\/\/virtual4.uts.edu.co\/login\/index.php\" target=\"_self\" class=\"vc_single_image-wrapper   vc_box_border_grey\"><img loading=\"lazy\" decoding=\"async\" width=\"363\" height=\"362\" src=\"https:\/\/www.utsvirtual.edu.co\/sitio\/wp-content\/uploads\/2023\/08\/Acceso-01.png\" class=\"vc_single_image-img attachment-full\" alt=\"\" title=\"Acceso Modalidad Virtual\" srcset=\"https:\/\/www.utsvirtual.edu.co\/sitio\/wp-content\/uploads\/2023\/08\/Acceso-01.png 363w, https:\/\/www.utsvirtual.edu.co\/sitio\/wp-content\/uploads\/2023\/08\/Acceso-01-300x300.png 300w, https:\/\/www.utsvirtual.edu.co\/sitio\/wp-content\/uploads\/2023\/08\/Acceso-01-150x150.png 150w, https:\/\/www.utsvirtual.edu.co\/sitio\/wp-content\/uploads\/2023\/08\/Acceso-01-120x120.png 120w, https:\/\/www.utsvirtual.edu.co\/sitio\/wp-content\/uploads\/2023\/08\/Acceso-01-220x220.png 220w\" sizes=\"auto, (max-width: 363px) 100vw, 363px\" \/><\/a>\n\t\t<\/figure>\n\t<\/div>\n<div class=\"vc_btn3-container vc_btn3-center vc_do_btn\" ><a class=\"vc_general vc_btn3 vc_btn3-size-md vc_btn3-shape-rounded vc_btn3-style-modern vc_btn3-icon-left vc_btn3-color-primary\" href=\"https:\/\/virtual4.uts.edu.co\/login\/index.php\" title=\"\"><i class=\"vc_btn3-icon fas fa-book-reader\"><\/i> Educaci\u00f3n Modalidad Virtual<\/a><\/div><div class=\"cq-accordion \" style=\"width:;\" data-displayfirst=\"\"><ul><li><input type=\"checkbox\" checked><i class=\"\"><\/i><h4 style=\"color:#000000;font-size:;padding:;\">&#x2754; M\u00e1s Informaci\u00f3n<\/h4><div class=\"accordion-content\" style=\"background-color:;color:#1e73be;font-size:;\"><\/p>\n<p style=\"text-align: justify;\">Acceso para estudiantes matriculados en este semestre en modalidad virtual de la Unidades Tecnol\u00f3gicas de Santander.<\/p>\n<p><\/div><\/li><\/ul><\/div><div class=\"vc_row wpb_row vc_inner vc_row-fluid\"><div class=\"wpb_column vc_column_container vc_col-sm-12\"><div class=\"vc_column-inner\"><div class=\"wpb_wrapper\"><div class=\"vc_separator wpb_content_element vc_separator_align_center vc_sep_width_100 vc_sep_pos_align_center vc_separator_no_text vc_sep_color_grey wpb_content_element  wpb_content_element\" ><span class=\"vc_sep_holder vc_sep_holder_l\"><span class=\"vc_sep_line\"><\/span><\/span><span class=\"vc_sep_holder vc_sep_holder_r\"><span class=\"vc_sep_line\"><\/span><\/span>\n<\/div><\/div><\/div><\/div><\/div><\/div><\/div><\/div><div class=\"wpb_column vc_column_container vc_col-sm-1\/5\"><div class=\"vc_column-inner\"><div class=\"wpb_wrapper\">\n\t<div  class=\"wpb_single_image wpb_content_element vc_align_center wpb_content_element\">\n\t\t\n\t\t<figure class=\"wpb_wrapper vc_figure\">\n\t\t\t<a href=\"https:\/\/virtual3.uts.edu.co\/moodle\/login\/index.php\" target=\"_self\" class=\"vc_single_image-wrapper vc_box_rounded  vc_box_border_grey\"><img loading=\"lazy\" decoding=\"async\" width=\"363\" height=\"362\" src=\"https:\/\/www.utsvirtual.edu.co\/sitio\/wp-content\/uploads\/2023\/08\/Acceso-02.png\" class=\"vc_single_image-img attachment-full\" alt=\"\" title=\"Acceso Seminarios Virtuales\" srcset=\"https:\/\/www.utsvirtual.edu.co\/sitio\/wp-content\/uploads\/2023\/08\/Acceso-02.png 363w, https:\/\/www.utsvirtual.edu.co\/sitio\/wp-content\/uploads\/2023\/08\/Acceso-02-300x300.png 300w, https:\/\/www.utsvirtual.edu.co\/sitio\/wp-content\/uploads\/2023\/08\/Acceso-02-150x150.png 150w, https:\/\/www.utsvirtual.edu.co\/sitio\/wp-content\/uploads\/2023\/08\/Acceso-02-120x120.png 120w, https:\/\/www.utsvirtual.edu.co\/sitio\/wp-content\/uploads\/2023\/08\/Acceso-02-220x220.png 220w\" sizes=\"auto, (max-width: 363px) 100vw, 363px\" \/><\/a>\n\t\t<\/figure>\n\t<\/div>\n<div class=\"vc_btn3-container vc_btn3-center vc_do_btn\" ><a class=\"vc_general vc_btn3 vc_btn3-size-md vc_btn3-shape-rounded vc_btn3-style-modern vc_btn3-icon-left vc_btn3-color-green\" href=\"https:\/\/virtual3.uts.edu.co\/moodle\/login\/index.php\" title=\"\"><i class=\"vc_btn3-icon fas fa-graduation-cap\"><\/i> Seminarios Virtuales de Grado<\/a><\/div><div class=\"cq-accordion \" style=\"width:;\" data-displayfirst=\"\"><ul><li><input type=\"checkbox\" checked><i class=\"\"><\/i><h4 style=\"color:;font-size:;padding:;\">&#x2754; M\u00e1s Informaci\u00f3n<\/h4><div class=\"accordion-content\" style=\"background-color:;color:#1da561;font-size:;\"><\/p>\n<p style=\"text-align: justify;\">Acceso para estudiantes matriculados este semestre en Seminarios Virtuales de Grado de la Unidades Tecnol\u00f3gicas de Santander.<\/p>\n<p><\/div><\/li><\/ul><\/div><div class=\"vc_row wpb_row vc_inner vc_row-fluid\"><div class=\"wpb_column vc_column_container vc_col-sm-12\"><div class=\"vc_column-inner\"><div class=\"wpb_wrapper\"><div class=\"vc_separator wpb_content_element vc_separator_align_center vc_sep_width_100 vc_sep_pos_align_center vc_separator_no_text vc_sep_color_grey wpb_content_element  wpb_content_element\" ><span class=\"vc_sep_holder vc_sep_holder_l\"><span class=\"vc_sep_line\"><\/span><\/span><span class=\"vc_sep_holder vc_sep_holder_r\"><span class=\"vc_sep_line\"><\/span><\/span>\n<\/div><\/div><\/div><\/div><\/div><\/div><\/div><\/div><div class=\"wpb_column vc_column_container vc_col-sm-1\/5\"><div class=\"vc_column-inner\"><div class=\"wpb_wrapper\">\n\t<div  class=\"wpb_single_image wpb_content_element vc_align_center wpb_content_element\">\n\t\t\n\t\t<figure class=\"wpb_wrapper vc_figure\">\n\t\t\t<a href=\"https:\/\/virtual3.uts.edu.co\/moodle\/login\/index.php\" target=\"_self\" class=\"vc_single_image-wrapper vc_box_rounded  vc_box_border_grey\"><img loading=\"lazy\" decoding=\"async\" width=\"363\" height=\"362\" src=\"https:\/\/www.utsvirtual.edu.co\/sitio\/wp-content\/uploads\/2023\/08\/Acceso-03.png\" class=\"vc_single_image-img attachment-full\" alt=\"\" title=\"Acceso Cursos Ingl\u00e9s\" srcset=\"https:\/\/www.utsvirtual.edu.co\/sitio\/wp-content\/uploads\/2023\/08\/Acceso-03.png 363w, https:\/\/www.utsvirtual.edu.co\/sitio\/wp-content\/uploads\/2023\/08\/Acceso-03-300x300.png 300w, https:\/\/www.utsvirtual.edu.co\/sitio\/wp-content\/uploads\/2023\/08\/Acceso-03-150x150.png 150w, https:\/\/www.utsvirtual.edu.co\/sitio\/wp-content\/uploads\/2023\/08\/Acceso-03-120x120.png 120w, https:\/\/www.utsvirtual.edu.co\/sitio\/wp-content\/uploads\/2023\/08\/Acceso-03-220x220.png 220w\" sizes=\"auto, (max-width: 363px) 100vw, 363px\" \/><\/a>\n\t\t<\/figure>\n\t<\/div>\n<div class=\"vc_btn3-container vc_btn3-center vc_do_btn\" ><a class=\"vc_general vc_btn3 vc_btn3-size-md vc_btn3-shape-rounded vc_btn3-style-modern vc_btn3-icon-left vc_btn3-color-grey\" href=\"https:\/\/virtual3.uts.edu.co\/moodle\/login\/index.php\" title=\"\"><i class=\"vc_btn3-icon fas fa-language\"><\/i> Cursos de Ingl\u00e9s Modalidad Virtual<\/a><\/div><div class=\"cq-accordion \" style=\"width:;\" data-displayfirst=\"\"><ul><li><input type=\"checkbox\" checked><i class=\"\"><\/i><h4 style=\"color:;font-size:;padding:;\">&#x2754; M\u00e1s Informaci\u00f3n<\/h4><div class=\"accordion-content\" style=\"background-color:;color:#333333;font-size:;\"><\/p>\n<p style=\"text-align: justify;\">Acceso para estudiantes virtuales matriculados en este semestre en Cursos de Ingl\u00e9s virtuales de la Unidades Tecnol\u00f3gicas de Santander.<\/p>\n<p><\/div><\/li><\/ul><\/div><div class=\"vc_row wpb_row vc_inner vc_row-fluid\"><div class=\"wpb_column vc_column_container vc_col-sm-12\"><div class=\"vc_column-inner\"><div class=\"wpb_wrapper\"><div class=\"vc_separator wpb_content_element vc_separator_align_center vc_sep_width_100 vc_sep_pos_align_center vc_separator_no_text vc_sep_color_grey wpb_content_element  wpb_content_element\" ><span class=\"vc_sep_holder vc_sep_holder_l\"><span class=\"vc_sep_line\"><\/span><\/span><span class=\"vc_sep_holder vc_sep_holder_r\"><span class=\"vc_sep_line\"><\/span><\/span>\n<\/div><\/div><\/div><\/div><\/div><\/div><\/div><\/div><div class=\"wpb_column vc_column_container vc_col-sm-1\/5\"><div class=\"vc_column-inner\"><div class=\"wpb_wrapper\">\n\t<div  class=\"wpb_single_image wpb_content_element vc_align_center wpb_content_element\">\n\t\t\n\t\t<figure class=\"wpb_wrapper vc_figure\">\n\t\t\t<a href=\"https:\/\/virtual1.uts.edu.co\/login\/index.php\" target=\"_self\" class=\"vc_single_image-wrapper vc_box_rounded  vc_box_border_grey\"><img loading=\"lazy\" decoding=\"async\" width=\"363\" height=\"363\" src=\"https:\/\/www.utsvirtual.edu.co\/sitio\/wp-content\/uploads\/2023\/08\/Acceso-04.png\" class=\"vc_single_image-img attachment-full\" alt=\"\" title=\"Acceso plataforma de formaci\u00f3n Docente\" srcset=\"https:\/\/www.utsvirtual.edu.co\/sitio\/wp-content\/uploads\/2023\/08\/Acceso-04.png 363w, https:\/\/www.utsvirtual.edu.co\/sitio\/wp-content\/uploads\/2023\/08\/Acceso-04-300x300.png 300w, https:\/\/www.utsvirtual.edu.co\/sitio\/wp-content\/uploads\/2023\/08\/Acceso-04-150x150.png 150w, https:\/\/www.utsvirtual.edu.co\/sitio\/wp-content\/uploads\/2023\/08\/Acceso-04-120x120.png 120w, https:\/\/www.utsvirtual.edu.co\/sitio\/wp-content\/uploads\/2023\/08\/Acceso-04-220x220.png 220w\" sizes=\"auto, (max-width: 363px) 100vw, 363px\" \/><\/a>\n\t\t<\/figure>\n\t<\/div>\n<div class=\"vc_btn3-container vc_btn3-center vc_do_btn\" ><a class=\"vc_general vc_btn3 vc_btn3-size-md vc_btn3-shape-rounded vc_btn3-style-modern vc_btn3-icon-left vc_btn3-color-mulled-wine\" href=\"https:\/\/virtual1.uts.edu.co\/login\/index.php\" title=\"\"><i class=\"vc_btn3-icon fas fa-chalkboard-teacher\"><\/i> Aulas para capacitaci\u00f3n Docente<\/a><\/div><div class=\"cq-accordion \" style=\"width:;\" data-displayfirst=\"\"><ul><li><input type=\"checkbox\" checked><i class=\"\"><\/i><h4 style=\"color:;font-size:;padding:;\">&#x2754; M\u00e1s Informaci\u00f3n<\/h4><div class=\"accordion-content\" style=\"background-color:;color:#331400;font-size:;\"><\/p>\n<p style=\"text-align: justify;\">Acceso para docentes matriculados en este semestre en Aulas de seguimiento para actividades acad\u00e9micas de la Unidades Tecnol\u00f3gicas de Santander.<\/p>\n<p><\/div><\/li><\/ul><\/div><div class=\"vc_row wpb_row vc_inner vc_row-fluid\"><div class=\"wpb_column vc_column_container vc_col-sm-12\"><div class=\"vc_column-inner\"><div class=\"wpb_wrapper\"><div class=\"vc_separator wpb_content_element vc_separator_align_center vc_sep_width_100 vc_sep_pos_align_center vc_separator_no_text vc_sep_color_grey wpb_content_element  wpb_content_element\" ><span class=\"vc_sep_holder vc_sep_holder_l\"><span class=\"vc_sep_line\"><\/span><\/span><span class=\"vc_sep_holder vc_sep_holder_r\"><span class=\"vc_sep_line\"><\/span><\/span>\n<\/div><\/div><\/div><\/div><\/div><\/div><\/div><\/div><div class=\"wpb_column vc_column_container vc_col-sm-1\/5\"><div class=\"vc_column-inner\"><div class=\"wpb_wrapper\">\n\t<div  class=\"wpb_single_image wpb_content_element vc_align_center wpb_content_element\">\n\t\t\n\t\t<figure class=\"wpb_wrapper vc_figure\">\n\t\t\t<a href=\"https:\/\/virtual2.uts.edu.co\/moodle\/login\/index.php\" target=\"_self\" class=\"vc_single_image-wrapper vc_box_rounded  vc_box_border_grey\"><img loading=\"lazy\" decoding=\"async\" width=\"363\" height=\"362\" src=\"https:\/\/www.utsvirtual.edu.co\/sitio\/wp-content\/uploads\/2023\/08\/Botones-Aulas-Acceso-05-1.png\" class=\"vc_single_image-img attachment-full\" alt=\"\" title=\"Repositorio Seminarios de Grado del 2017 II al 2021-II\" srcset=\"https:\/\/www.utsvirtual.edu.co\/sitio\/wp-content\/uploads\/2023\/08\/Botones-Aulas-Acceso-05-1.png 363w, https:\/\/www.utsvirtual.edu.co\/sitio\/wp-content\/uploads\/2023\/08\/Botones-Aulas-Acceso-05-1-300x300.png 300w, https:\/\/www.utsvirtual.edu.co\/sitio\/wp-content\/uploads\/2023\/08\/Botones-Aulas-Acceso-05-1-150x150.png 150w, https:\/\/www.utsvirtual.edu.co\/sitio\/wp-content\/uploads\/2023\/08\/Botones-Aulas-Acceso-05-1-120x120.png 120w, https:\/\/www.utsvirtual.edu.co\/sitio\/wp-content\/uploads\/2023\/08\/Botones-Aulas-Acceso-05-1-220x220.png 220w\" sizes=\"auto, (max-width: 363px) 100vw, 363px\" \/><\/a>\n\t\t<\/figure>\n\t<\/div>\n<div class=\"vc_btn3-container vc_btn3-center vc_do_btn\" ><a class=\"vc_general vc_btn3 vc_btn3-size-md vc_btn3-shape-rounded vc_btn3-style-modern vc_btn3-icon-left vc_btn3-color-turquoise\" href=\"https:\/\/virtual2.uts.edu.co\/moodle\/\" title=\"\"><i class=\"vc_btn3-icon fas fa-cloud-download-alt\"><\/i> Seminarios del 2017 II al 2021-II (Repositorio)<\/a><\/div><div class=\"cq-accordion \" style=\"width:;\" data-displayfirst=\"\"><ul><li><input type=\"checkbox\" checked><i class=\"\"><\/i><h4 style=\"color:;font-size:;padding:;\">&#x2754; M\u00e1s Informaci\u00f3n<\/h4><div class=\"accordion-content\" style=\"background-color:;color:#15afaf;font-size:;\"><\/p>\n<p style=\"text-align: justify;\">Acceso para estudiantes que cursaron seminarios virtuales de grado en el periodo que comprende entre el a\u00f1o 2017-II hasta el a\u00f1o 2021-II y proceder a descargar su certificado de aprobaci\u00f3n.<\/p>\n<p><\/div><\/li><\/ul><\/div><div class=\"vc_row wpb_row vc_inner vc_row-fluid\"><div class=\"wpb_column vc_column_container vc_col-sm-12\"><div class=\"vc_column-inner\"><div class=\"wpb_wrapper\"><div class=\"vc_separator wpb_content_element vc_separator_align_center vc_sep_width_100 vc_sep_pos_align_center vc_separator_no_text vc_sep_color_grey wpb_content_element  wpb_content_element\" ><span class=\"vc_sep_holder vc_sep_holder_l\"><span class=\"vc_sep_line\"><\/span><\/span><span class=\"vc_sep_holder vc_sep_holder_r\"><span class=\"vc_sep_line\"><\/span><\/span>\n<\/div><\/div><\/div><\/div><\/div><\/div><\/div><\/div><\/div>\n<\/div>","protected":false},"excerpt":{"rendered":"Educaci\u00f3n Modalidad Virtual&#x2754; M\u00e1s Informaci\u00f3n Acceso para estudiantes matriculados en este semestre en modalidad virtual de la Unidades Tecnol\u00f3gicas de Santander. Seminarios Virtuales de Grado&#x2754; M\u00e1s Informaci\u00f3n Acceso para estudiantes&hellip;","protected":false},"author":2,"featured_media":0,"parent":0,"menu_order":0,"comment_status":"closed","ping_status":"closed","template":"","meta":{"_monsterinsights_skip_tracking":false,"_monsterinsights_sitenote_active":false,"_monsterinsights_sitenote_note":"","_monsterinsights_sitenote_category":0,"_uf_show_specific_survey":0,"_uf_disable_surveys":false,"footnotes":""},"class_list":["post-16309","page","type-page","status-publish","hentry"],"aioseo_notices":[],"_links":{"self":[{"href":"https:\/\/www.utsvirtual.edu.co\/sitio\/wp-json\/wp\/v2\/pages\/16309","targetHints":{"allow":["GET"]}}],"collection":[{"href":"https:\/\/www.utsvirtual.edu.co\/sitio\/wp-json\/wp\/v2\/pages"}],"about":[{"href":"https:\/\/www.utsvirtual.edu.co\/sitio\/wp-json\/wp\/v2\/types\/page"}],"author":[{"embeddable":true,"href":"https:\/\/www.utsvirtual.edu.co\/sitio\/wp-json\/wp\/v2\/users\/2"}],"replies":[{"embeddable":true,"href":"https:\/\/www.utsvirtual.edu.co\/sitio\/wp-json\/wp\/v2\/comments?post=16309"}],"version-history":[{"count":21,"href":"https:\/\/www.utsvirtual.edu.co\/sitio\/wp-json\/wp\/v2\/pages\/16309\/revisions"}],"predecessor-version":[{"id":16503,"href":"https:\/\/www.utsvirtual.edu.co\/sitio\/wp-json\/wp\/v2\/pages\/16309\/revisions\/16503"}],"wp:attachment":[{"href":"https:\/\/www.utsvirtual.edu.co\/sitio\/wp-json\/wp\/v2\/media?parent=16309"}],"curies":[{"name":"wp","href":"https:\/\/api.w.org\/{rel}","templated":true}]}}