{"id":17286,"date":"2025-08-21T23:15:47","date_gmt":"2025-08-21T23:15:47","guid":{"rendered":"https:\/\/www.utsvirtual.edu.co\/sitio\/?page_id=17286"},"modified":"2026-04-12T01:21:26","modified_gmt":"2026-04-12T01:21:26","slug":"tecnologia-en-gestion-contable","status":"publish","type":"page","link":"https:\/\/www.utsvirtual.edu.co\/sitio\/tecnologia-en-gestion-contable\/","title":{"rendered":"Tecnolog\u00eda en Gesti\u00f3n Contable"},"content":{"rendered":"<div class=\"wpb-content-wrapper\"><div class=\"vc_row wpb_row vc_row-fluid\"><div class=\"wpb_animate_when_almost_visible wpb_fadeIn fadeIn wpb_column vc_column_container vc_col-sm-12\"><div class=\"vc_column-inner\"><div class=\"wpb_wrapper\">\n\t<div  class=\"wpb_single_image wpb_content_element vc_align_center wpb_content_element wpb_animate_when_almost_visible wpb_bounceIn bounceIn\">\n\t\t\n\t\t<figure class=\"wpb_wrapper vc_figure\">\n\t\t\t<div class=\"vc_single_image-wrapper   vc_box_border_grey\"><img fetchpriority=\"high\" decoding=\"async\" width=\"1600\" height=\"624\" src=\"https:\/\/www.utsvirtual.edu.co\/sitio\/wp-content\/uploads\/2026\/04\/TecGestionContable2026.jpeg\" class=\"vc_single_image-img attachment-full\" alt=\"\" title=\"TecGestionContable2026\" srcset=\"https:\/\/www.utsvirtual.edu.co\/sitio\/wp-content\/uploads\/2026\/04\/TecGestionContable2026.jpeg 1600w, https:\/\/www.utsvirtual.edu.co\/sitio\/wp-content\/uploads\/2026\/04\/TecGestionContable2026-300x117.jpeg 300w, https:\/\/www.utsvirtual.edu.co\/sitio\/wp-content\/uploads\/2026\/04\/TecGestionContable2026-1024x399.jpeg 1024w, https:\/\/www.utsvirtual.edu.co\/sitio\/wp-content\/uploads\/2026\/04\/TecGestionContable2026-150x59.jpeg 150w, https:\/\/www.utsvirtual.edu.co\/sitio\/wp-content\/uploads\/2026\/04\/TecGestionContable2026-768x300.jpeg 768w, https:\/\/www.utsvirtual.edu.co\/sitio\/wp-content\/uploads\/2026\/04\/TecGestionContable2026-1536x599.jpeg 1536w\" sizes=\"(max-width: 1600px) 100vw, 1600px\" \/><\/div>\n\t\t<\/figure>\n\t<\/div>\n<\/div><\/div><\/div><\/div><div class=\"vc_row wpb_row vc_row-fluid\"><div class=\"wpb_column vc_column_container vc_col-sm-8\"><div class=\"vc_column-inner\"><div class=\"wpb_wrapper\"><div class=\"vc_message_box vc_message_box-solid-icon vc_message_box-rounded vc_color-peacoc vc_do_message\" ><div class=\"vc_message_box-icon\"><i class=\"\"><\/i><\/div><p><span style=\"color: #008000;\"><strong>Datos generales del programa:<\/strong><\/span><\/p>\n<p><span style=\"color: #000000;\"><strong><span style=\"color: #008000;\"><strong>Denominaci\u00f3n\u00a0del Programa<\/strong><strong>:<\/strong><\/span><span style=\"color: #000000;\"> Tecnolog\u00eda en Gesti\u00f3n Contable &#8211;\u00a0<\/span><em><span style=\"color: #339966;\"><span style=\"color: #339966;\">Articulado en ciclos proped\u00e9uticos con el programa de Contadur\u00eda P\u00fablica. <\/span><\/span><\/em><\/strong><\/span><strong><br \/>\n<span style=\"color: #000000;\">Resoluci\u00f3n MEN No. <a href=\"https:\/\/www.utsvirtual.edu.co\/sitio\/wp-content\/uploads\/2025\/10\/MEN-RESOLUCION-01107303-JUN-2025_TECN-GESTION-CONTABLE.pdf\" target=\"_blank\" rel=\"noopener\">011073 de junio\/2025 con SNIES 118008 <\/a> &#8211; <span style=\"color: #339966;\"><em>Vigencia por el termino de siete (7) a\u00f1os &#8211; <\/em>C\u00f3digo SNIES: 118008<\/span><br \/>\n<span style=\"color: #000000;\"><span style=\"color: #008000;\"><strong>T\u00edtulo Otorgado: <\/strong><\/span>Tecn\u00f3logo en Gesti\u00f3n Contable <\/span><br \/>\n<span style=\"color: #000000;\"><span style=\"color: #008000;\"><strong>Duraci\u00f3n del programa:<\/strong><\/span> 6 semestres \u2013 N\u00famero de cr\u00e9ditos: 103 <\/span><br \/>\n<span style=\"color: #339966;\"><span style=\"color: #008000;\"><strong>Valor Semestre:<\/strong><\/span> 2 Salarios m\u00ednimos legales mensuales vigentes.<\/span><\/span><br \/>\n<span style=\"color: #000000;\"><span style=\"color: #008000;\"><strong>Modalidad:<\/strong><\/span> Virtual<\/span><br \/>\n<\/strong><\/p>\n<\/div><div class=\"vc_message_box vc_message_box-solid-icon vc_message_box-rounded vc_color-peacoc vc_do_message\" ><div class=\"vc_message_box-icon\"><i class=\"\"><\/i><\/div><p><span style=\"color: #008000;\"><strong>Presentaci\u00f3n <\/strong><strong>del programa:<\/strong><\/span><\/p>\n<p style=\"text-align: Justify;\"><span style=\"color: #000000;\">El Programa de Tecnolog\u00eda en Gesti\u00f3n Contable de las Unidades Tecnol\u00f3gicas de Santander brinda una formaci\u00f3n de car\u00e1cter pr\u00e1ctico y actualizado, que permita la elaboraci\u00f3n e interpretaci\u00f3n de informes financieros y tributarios, el an\u00e1lisis de costos, la optimizaci\u00f3n de recursos y dar soluciones estrat\u00e9gicas a los retos del sector empresarial. La estructura del plan de estudios integra un \u00e1rea b\u00e1sica con conocimientos en matem\u00e1tica y estad\u00edstica para la toma de decisiones; un \u00e1rea profesional que fortalece las competencias en contabilidad, finanzas, auditor\u00eda, tributaria y control; y un \u00e1rea socio-human\u00edstica orientada al desarrollo de habilidades comunicativas, dominio de una segunda lengua, trabajo en equipo y liderazgo.<\/span><\/p>\n<p style=\"text-align: left;\"><span style=\"color: #000000;\">Adem\u00e1s, este programa ofrece una r\u00e1pida proyecci\u00f3n laboral y la posibilidad de articularse con la formaci\u00f3n profesional en Contadur\u00eda P\u00fablica, abriendo el camino hacia mayores oportunidades profesionales y un futuro s\u00f3lido en el mundo empresarial.<\/span><\/p>\n<\/div><\/div><\/div><\/div><div class=\"wpb_column vc_column_container vc_col-sm-4\"><div class=\"vc_column-inner\"><div class=\"wpb_wrapper\"><div class=\"vc_btn3-container vc_btn3-center vc_do_btn\" ><a class=\"vc_general vc_btn3 vc_btn3-size-lg vc_btn3-shape-rounded vc_btn3-style-modern vc_btn3-icon-left vc_btn3-color-green\" href=\"https:\/\/www.utsvirtual.edu.co\/sitio\/admisiones-modalidad-virtual\/\" title=\"Admisiones\"><i class=\"vc_btn3-icon fa fa-address-card-o\"><\/i> \u00a1Inscr\u00edbete ya!<\/a><\/div><div class=\"vc_separator wpb_content_element vc_separator_align_center vc_sep_width_100 vc_sep_border_width_2 vc_sep_pos_align_center vc_separator_no_text vc_sep_color_green wpb_content_element  wpb_content_element\" ><span class=\"vc_sep_holder vc_sep_holder_l\"><span class=\"vc_sep_line\"><\/span><\/span><span class=\"vc_sep_holder vc_sep_holder_r\"><span class=\"vc_sep_line\"><\/span><\/span>\n<\/div>\n\t<div class=\"wpb_text_column wpb_content_element vc_custom_1696392656420\" >\n\t\t<div class=\"wpb_wrapper\">\n\t\t\t<p style=\"text-align: center;\">\n<div class=\"wpcf7 no-js\" id=\"wpcf7-f11252-o1\" lang=\"es-CO\" dir=\"ltr\" data-wpcf7-id=\"11252\">\n<div class=\"screen-reader-response\"><p role=\"status\" aria-live=\"polite\" aria-atomic=\"true\"><\/p> <ul><\/ul><\/div>\n<form action=\"\/sitio\/wp-json\/wp\/v2\/pages\/17286#wpcf7-f11252-o1\" method=\"post\" class=\"wpcf7-form init\" aria-label=\"Formulario de contacto\" novalidate=\"novalidate\" data-status=\"init\">\n<fieldset class=\"hidden-fields-container\"><input type=\"hidden\" name=\"_wpcf7\" value=\"11252\" \/><input type=\"hidden\" name=\"_wpcf7_version\" value=\"6.1.5\" \/><input type=\"hidden\" name=\"_wpcf7_locale\" value=\"es_CO\" \/><input type=\"hidden\" name=\"_wpcf7_unit_tag\" value=\"wpcf7-f11252-o1\" \/><input type=\"hidden\" name=\"_wpcf7_container_post\" value=\"0\" \/><input type=\"hidden\" name=\"_wpcf7_posted_data_hash\" value=\"\" \/><input type=\"hidden\" name=\"_wpcf7_recaptcha_response\" value=\"\" \/>\n<\/fieldset>\n<p><label> Nombre:<br \/>\n<span class=\"wpcf7-form-control-wrap\" data-name=\"your-name\"><input size=\"40\" maxlength=\"400\" class=\"wpcf7-form-control wpcf7-text wpcf7-validates-as-required\" aria-required=\"true\" aria-invalid=\"false\" value=\"\" type=\"text\" name=\"your-name\" \/><\/span> <\/label>\n<\/p>\n<p><label> Correo Electr\u00f3nico:<br \/>\n<span class=\"wpcf7-form-control-wrap\" data-name=\"your-email\"><input size=\"40\" maxlength=\"400\" class=\"wpcf7-form-control wpcf7-email wpcf7-validates-as-required wpcf7-text wpcf7-validates-as-email\" aria-required=\"true\" aria-invalid=\"false\" value=\"\" type=\"email\" name=\"your-email\" \/><\/span> <\/label>\n<\/p>\n<p><label>Tel\u00e9fono:<br \/>\n<span class=\"wpcf7-form-control-wrap\" data-name=\"tel-114\"><input size=\"40\" maxlength=\"400\" class=\"wpcf7-form-control wpcf7-tel wpcf7-text wpcf7-validates-as-tel\" aria-invalid=\"false\" value=\"\" type=\"tel\" name=\"tel-114\" \/><\/span> <\/label>\n<\/p>\n<p><label> Autorizo el tratamiento de mis datos personales: <span class=\"wpcf7-form-control-wrap\" data-name=\"acceptance\"><span class=\"wpcf7-form-control wpcf7-acceptance\"><span class=\"wpcf7-list-item\"><input type=\"checkbox\" name=\"acceptance\" value=\"1\" aria-invalid=\"false\" \/><\/span><\/span><\/span> <\/label><br \/>\n<a href=\"https:\/\/www.uts.edu.co\/sitio\/wp-content\/uploads\/normatividad\/acuerdos\/acu-65.pdf?_t=1621357271\" target=\"_blank\" style=\"color:#018BFF\";>Ver autorizaci\u00f3n para tratamiento de datos<\/a>\n<\/p>\n<p><input class=\"wpcf7-form-control wpcf7-submit has-spinner\" type=\"submit\" value=\"Enviar\" \/>\n<\/p><div class=\"wpcf7-response-output\" aria-hidden=\"true\"><\/div>\n<\/form>\n<\/div>\n\n\t\t<\/div>\n\t<\/div>\n<\/div><\/div><\/div><\/div><div class=\"vc_row wpb_row vc_row-fluid vc_custom_1588893828723 vc_row-has-fill\"><div class=\"wpb_column vc_column_container vc_col-sm-8\"><div class=\"vc_column-inner\"><div class=\"wpb_wrapper\">\n\t<div class=\"wpb_text_column wpb_content_element\" >\n\t\t<div class=\"wpb_wrapper\">\n\t\t\t<p style=\"text-align: center;\"><span style=\"color: #ffffff;\">El plan de estudios est\u00e1 dise\u00f1ado de forma modular para aprovechar el tiempo de autoestudio y el trabajo colaborativo. <\/span><\/p>\n\n\t\t<\/div>\n\t<\/div>\n<\/div><\/div><\/div><div class=\"wpb_column vc_column_container vc_col-sm-4\"><div class=\"vc_column-inner\"><div class=\"wpb_wrapper\">\n\t<div class=\"wpb_text_column wpb_content_element\" >\n\t\t<div class=\"wpb_wrapper\">\n\t\t\t<p style=\"text-align: center;\"><a href=\"https:\/\/www.utsvirtual.edu.co\/sitio\/wp-content\/uploads\/2025\/09\/Pensum-Tecnologia-en-Gestion-Contable.pdf\" target=\"_blank\" rel=\"noopener\"><button class=\"btn btn-info sg-popup-id-1241\" type=\"button\">Consulta el Plan de Estudios<\/button><\/a><\/p>\n\n\t\t<\/div>\n\t<\/div>\n<\/div><\/div><\/div><\/div><div class=\"vc_row wpb_row vc_row-fluid\"><div class=\"wpb_column vc_column_container vc_col-sm-12\"><div class=\"vc_column-inner\"><div class=\"wpb_wrapper\"><div class=\"vc_message_box vc_message_box-standard vc_message_box-rounded vc_color-pink vc_do_message\" ><div class=\"vc_message_box-icon\"><i class=\"fa fa-solid fa-circle-info\"><\/i><\/div><p style=\"text-align: justify;\"><span style=\"color: #ffffff;\"><span style=\"color: #ff0000;\"><strong>Recuerde que debe cursar los dos niveles de Ingl\u00e9s I y II del programa acad\u00e9mico, estos se cursan a trav\u00e9s de matriculaci\u00f3n desde la Coordinaci\u00f3n de idiomas. (No tiene costo)\u00a0<\/strong><\/span><\/span><\/p>\n<\/div>\n\t<div class=\"wpb_text_column wpb_content_element\" >\n\t\t<div class=\"wpb_wrapper\">\n\t\t\t<h3 style=\"text-align: left;\"><strong><span style=\"color: #008000;\">Perfil Profesional<\/span><\/strong><\/h3>\n<div class=\"parrafo-siderbar\">\n<p style=\"text-align: Justify;\"><span style=\"color: #000000;\">El graduado en Tecnolog\u00eda en Gesti\u00f3n Contable articulado por ciclo proped\u00e9utico con el programa de Contadur\u00eda P\u00fablica en modalidad virtual de las Unidades Tecnol\u00f3gicas de Santander \u2013 UTS, es un profesional con sentido \u00e9tico, pensamiento cr\u00edtico, actitud emprendedora; que prepara informes financieros, tributarios, contables, y de auditor\u00eda, teniendo en cuenta la normatividad internacional y nacional, que permita la toma de decisiones; que genera informes administrativos y financieros para la toma estrat\u00e9gica de decisiones a partir del uso de las herramientas tecnol\u00f3gicas especializadas; que interpreta la realidad del contexto organizativo para problematizarla como fen\u00f3meno de estudio a partir del dialogo interdisciplinario, actuar \u00e9tico y responsabilidad social y que eval\u00faa el retorno financiero de un proyecto de inversi\u00f3n para determinar su viabilidad a partir del inter\u00e9s econ\u00f3mico de la organizaci\u00f3n.<\/span><\/p>\n<\/div>\n\n\t\t<\/div>\n\t<\/div>\n<div class=\"vc_separator wpb_content_element vc_separator_align_center vc_sep_width_100 vc_sep_border_width_2 vc_sep_pos_align_center vc_separator_no_text vc_sep_color_green wpb_content_element  wpb_content_element\" ><span class=\"vc_sep_holder vc_sep_holder_l\"><span class=\"vc_sep_line\"><\/span><\/span><span class=\"vc_sep_holder vc_sep_holder_r\"><span class=\"vc_sep_line\"><\/span><\/span>\n<\/div><\/div><\/div><\/div><\/div><div class=\"vc_row wpb_row vc_row-fluid\"><div class=\"wpb_column vc_column_container vc_col-sm-6\"><div class=\"vc_column-inner\"><div class=\"wpb_wrapper\">\n\t<div class=\"wpb_text_column wpb_content_element\" >\n\t\t<div class=\"wpb_wrapper\">\n\t\t\t<h3 class=\"titulo-siderbar\"><strong><span style=\"color: #008000;\">Campos de Acci\u00f3n<\/span><\/strong><\/h3>\n<div class=\"parrafo-siderbar\">\n<p><span style=\"color: #000000;\">Las competencias en referencia se enfocan a que el tecn\u00f3logo estar\u00e1 en capacidad de:<\/span><\/p>\n<ul>\n<li><span style=\"color: #000000;\">Asistente de la Direcci\u00f3n Financiera<\/span><\/li>\n<li><span style=\"color: #000000;\">Asistente de sistemas Contables y de Costos en MIPYMES<\/span><\/li>\n<li><span style=\"color: #000000;\">Asistente de Control Interno y Revisor\u00eda Fiscal<\/span><\/li>\n<li><span style=\"color: #000000;\">Auxiliar de Auditor\u00eda Financiera<\/span><\/li>\n<li><span style=\"color: #000000;\">Auxiliar del Departamento de cartera y Tesorer\u00eda<\/span><\/li>\n<li><span style=\"color: #000000;\">Auxiliar del Departamento de Producci\u00f3n<\/span><\/li>\n<li><span style=\"color: #000000;\">Auxiliar del departamento de recurso Humano y N\u00f3mina<\/span><\/li>\n<li><span style=\"color: #000000;\">Jefe de Bodega y Gestor de Inventarios<\/span><\/li>\n<li><span style=\"color: #000000;\">Auxiliar de Impuestos<\/span><\/li>\n<li><span style=\"color: #000000;\">Gestor Comercial<\/span><\/li>\n<\/ul>\n<\/div>\n\n\t\t<\/div>\n\t<\/div>\n<\/div><\/div><\/div><div class=\"wpb_column vc_column_container vc_col-sm-6\"><div class=\"vc_column-inner\"><div class=\"wpb_wrapper\">\n\t<div class=\"wpb_text_column wpb_content_element\" >\n\t\t<div class=\"wpb_wrapper\">\n\t\t\t<div class=\"wpb_text_column wpb_content_element \">\n<div class=\"wpb_wrapper\">\n<h3 class=\"blanco\"><span style=\"color: #008000;\"><strong><span class=\"naranja\">\u00a1CONT\u00c1CTANOS<\/span>\u00a0<\/strong>YA!<\/span><\/h3>\n<\/div>\n<\/div>\n<div class=\"wpb_text_column wpb_content_element vc_custom_1509129306995\">\n<div class=\"wpb_wrapper\">\n<p><span style=\"color: #000000;\"><strong>Norelba Hern\u00e1ndez Mendoza<\/strong><br \/>\nCoordinadora Contaduria Financiera Virtual\u00a0<\/span><br \/>\n<span style=\"color: #000000;\">Tel: (+ 57)+60+7 + 6917700 ext. 4308<\/span><br \/>\n<span style=\"color: #339966;\"><strong>Correo Direcci\u00f3n Educaci\u00f3n Virtual:<\/strong><\/span> <span style=\"color: #000000;\"><a style=\"color: #000000;\" href=\"mailto:direccionvirtual@correo.uts.edu.co\">direccionvirtual@correo.uts.edu.co <\/a><\/span><br \/>\n<span style=\"color: #008000;\"><strong><span style=\"color: #339966;\">Correo Coordinaci\u00f3n Tecnolog\u00eda en Contabilidad Financiera Virtual<\/span><span style=\"color: #000000;\"><span style=\"color: #339966;\">: <\/span><\/span><\/strong><\/span><a href=\"mailto:virtualcontaduriapublica@correo.uts.edu.co\"><span style=\"color: #000000;\"><span style=\"color: #339966;\"><span style=\"color: #000000;\">virtualcontaduriapublica@correo.uts.edu.co<\/span><\/span><\/span><\/a><\/div>\n<\/div>\n\n\t\t<\/div>\n\t<\/div>\n<\/div><\/div><\/div><\/div>\n<\/div>","protected":false},"excerpt":{"rendered":"Datos generales del programa: Denominaci\u00f3n\u00a0del Programa: Tecnolog\u00eda en Gesti\u00f3n Contable -\u00a0Articulado en ciclos proped\u00e9uticos con el programa de Contadur\u00eda P\u00fablica. Resoluci\u00f3n MEN No. 011073 de junio\/2025 con SNIES 118008 -&hellip;","protected":false},"author":1,"featured_media":0,"parent":0,"menu_order":0,"comment_status":"closed","ping_status":"closed","template":"","meta":{"_monsterinsights_skip_tracking":false,"_monsterinsights_sitenote_active":false,"_monsterinsights_sitenote_note":"","_monsterinsights_sitenote_category":0,"_uf_show_specific_survey":0,"_uf_disable_surveys":false,"footnotes":""},"class_list":["post-17286","page","type-page","status-publish","hentry"],"aioseo_notices":[],"_links":{"self":[{"href":"https:\/\/www.utsvirtual.edu.co\/sitio\/wp-json\/wp\/v2\/pages\/17286","targetHints":{"allow":["GET"]}}],"collection":[{"href":"https:\/\/www.utsvirtual.edu.co\/sitio\/wp-json\/wp\/v2\/pages"}],"about":[{"href":"https:\/\/www.utsvirtual.edu.co\/sitio\/wp-json\/wp\/v2\/types\/page"}],"author":[{"embeddable":true,"href":"https:\/\/www.utsvirtual.edu.co\/sitio\/wp-json\/wp\/v2\/users\/1"}],"replies":[{"embeddable":true,"href":"https:\/\/www.utsvirtual.edu.co\/sitio\/wp-json\/wp\/v2\/comments?post=17286"}],"version-history":[{"count":14,"href":"https:\/\/www.utsvirtual.edu.co\/sitio\/wp-json\/wp\/v2\/pages\/17286\/revisions"}],"predecessor-version":[{"id":17947,"href":"https:\/\/www.utsvirtual.edu.co\/sitio\/wp-json\/wp\/v2\/pages\/17286\/revisions\/17947"}],"wp:attachment":[{"href":"https:\/\/www.utsvirtual.edu.co\/sitio\/wp-json\/wp\/v2\/media?parent=17286"}],"curies":[{"name":"wp","href":"https:\/\/api.w.org\/{rel}","templated":true}]}}