{"id":656,"date":"2018-08-29T00:58:41","date_gmt":"2018-08-29T00:58:41","guid":{"rendered":"https:\/\/www.utsvirtual.edu.co\/sitio\/?page_id=656"},"modified":"2026-04-24T15:31:51","modified_gmt":"2026-04-24T15:31:51","slug":"admisiones-modalidad-virtual","status":"publish","type":"page","link":"https:\/\/www.utsvirtual.edu.co\/sitio\/admisiones-modalidad-virtual\/","title":{"rendered":"Admisiones &#8211; Matriculas"},"content":{"rendered":"<div class=\"wpb-content-wrapper\"><div class=\"vc_row wpb_row vc_row-fluid\"><div class=\"wpb_column vc_column_container vc_col-sm-12\"><div class=\"vc_column-inner\"><div class=\"wpb_wrapper\">\n\t<div  class=\"wpb_single_image wpb_content_element vc_align_left wpb_content_element\">\n\t\t\n\t\t<figure class=\"wpb_wrapper vc_figure\">\n\t\t\t<div class=\"vc_single_image-wrapper   vc_box_border_grey\"><img fetchpriority=\"high\" decoding=\"async\" width=\"1600\" height=\"624\" src=\"https:\/\/www.utsvirtual.edu.co\/sitio\/wp-content\/uploads\/2026\/04\/Admisiones-Banner.jpeg\" class=\"vc_single_image-img attachment-full\" alt=\"\" title=\"Admisiones Banner\" srcset=\"https:\/\/www.utsvirtual.edu.co\/sitio\/wp-content\/uploads\/2026\/04\/Admisiones-Banner.jpeg 1600w, https:\/\/www.utsvirtual.edu.co\/sitio\/wp-content\/uploads\/2026\/04\/Admisiones-Banner-300x117.jpeg 300w, https:\/\/www.utsvirtual.edu.co\/sitio\/wp-content\/uploads\/2026\/04\/Admisiones-Banner-1024x399.jpeg 1024w, https:\/\/www.utsvirtual.edu.co\/sitio\/wp-content\/uploads\/2026\/04\/Admisiones-Banner-150x59.jpeg 150w, https:\/\/www.utsvirtual.edu.co\/sitio\/wp-content\/uploads\/2026\/04\/Admisiones-Banner-768x300.jpeg 768w, https:\/\/www.utsvirtual.edu.co\/sitio\/wp-content\/uploads\/2026\/04\/Admisiones-Banner-1536x599.jpeg 1536w\" sizes=\"(max-width: 1600px) 100vw, 1600px\" \/><\/div>\n\t\t<\/figure>\n\t<\/div>\n<\/div><\/div><\/div><\/div><div class=\"vc_row wpb_row vc_row-fluid\"><div class=\"wpb_column vc_column_container vc_col-sm-3\"><div class=\"vc_column-inner\"><div class=\"wpb_wrapper\"><div class=\"vc_message_box vc_message_box-solid-icon vc_message_box-rounded vc_color-pink vc_do_message\" ><div class=\"vc_message_box-icon\"><i class=\"fa fa-solid fa-circle-info\"><\/i><\/div><p style=\"text-align: justify;\">Si usted es estudiante antiguo, le invitamos a revisar nuestro apartado de Posesos virtuales en el espacio digital \u00a0<a class=\"accordionTitle withBorder accordionTitleActive\" href=\"https:\/\/www.utsvirtual.edu.co\/sitio\/procesos-virtuales\/#1662607256283-9f873c23-526d\"> <strong><span style=\"color: #008000;\">Matr\u00edcula Estudiantes Antiguos Modalidad Virtual<\/span><\/strong><\/a><\/p>\n<\/div><div class=\"vc_message_box vc_message_box-solid-icon vc_message_box-rounded vc_color-sky vc_do_message\" ><div class=\"vc_message_box-icon\"><i class=\"fas fa-highlighter\"><\/i><\/div><p style=\"text-align: center;\">Video Tutorial para Inscripciones de aspirantes (Escanea o da click abajo)<\/p>\n<\/div>\n\t<div  class=\"wpb_single_image wpb_content_element vc_align_center wpb_content_element\">\n\t\t\n\t\t<figure class=\"wpb_wrapper vc_figure\">\n\t\t\t<a href=\"https:\/\/www.youtube.com\/watch?v=xBREQ06NGWk\" target=\"_blank\" class=\"vc_single_image-wrapper vc_box_shadow_3d  vc_box_border_grey\"><img decoding=\"async\" width=\"1000\" height=\"1000\" src=\"https:\/\/www.utsvirtual.edu.co\/sitio\/wp-content\/uploads\/2024\/06\/Video-para-Aspirantes-.png\" class=\"vc_single_image-img attachment-full\" alt=\"\" title=\"V\u00eddeo para Aspirantes\" srcset=\"https:\/\/www.utsvirtual.edu.co\/sitio\/wp-content\/uploads\/2024\/06\/Video-para-Aspirantes-.png 1000w, https:\/\/www.utsvirtual.edu.co\/sitio\/wp-content\/uploads\/2024\/06\/Video-para-Aspirantes--300x300.png 300w, https:\/\/www.utsvirtual.edu.co\/sitio\/wp-content\/uploads\/2024\/06\/Video-para-Aspirantes--150x150.png 150w, https:\/\/www.utsvirtual.edu.co\/sitio\/wp-content\/uploads\/2024\/06\/Video-para-Aspirantes--768x768.png 768w, https:\/\/www.utsvirtual.edu.co\/sitio\/wp-content\/uploads\/2024\/06\/Video-para-Aspirantes--400x400.png 400w, https:\/\/www.utsvirtual.edu.co\/sitio\/wp-content\/uploads\/2024\/06\/Video-para-Aspirantes--120x120.png 120w, https:\/\/www.utsvirtual.edu.co\/sitio\/wp-content\/uploads\/2024\/06\/Video-para-Aspirantes--220x220.png 220w\" sizes=\"(max-width: 1000px) 100vw, 1000px\" \/><\/a>\n\t\t<\/figure>\n\t<\/div>\n<\/div><\/div><\/div><div class=\"wpb_column vc_column_container vc_col-sm-9\"><div class=\"vc_column-inner\"><div class=\"wpb_wrapper\"><div class=\"vc_message_box vc_message_box-solid vc_message_box-rounded vc_color-peacoc vc_do_message\" ><div class=\"vc_message_box-icon\"><i class=\"fa fa-solid fa-circle-info\"><\/i><\/div><h3 style=\"text-align: left;\"><span style=\"color: #ffffff;\"><strong>Recuerde que el aspirante nuevo debe iniciar en el nivel tecnol\u00f3gico, para el nivel profesional debe ser graduado del nivel proped\u00e9utico tecnol\u00f3gico del programa acad\u00e9mico de inter\u00e9s. <\/strong><\/span><\/h3>\n<\/div><div class=\"vc_tta-container\" data-vc-action=\"collapseAll\"><div class=\"vc_general vc_tta vc_tta-accordion vc_tta-color-peacoc vc_tta-style-modern vc_tta-shape-round vc_tta-spacing-4 vc_tta-controls-align-default vc_tta-o-all-clickable\"><div class=\"vc_tta-panels-container\"><div class=\"vc_tta-panels\"><div class=\"vc_tta-panel\" id=\"1535569597086-fa2ee38d-794a\" data-vc-content=\".vc_tta-panel-body\"><div class=\"vc_tta-panel-heading\"><h4 class=\"vc_tta-panel-title vc_tta-controls-icon-position-left\"><a href=\"#1535569597086-fa2ee38d-794a\" data-vc-accordion data-vc-container=\".vc_tta-container\"><i class=\"vc_tta-icon vc-oi vc-oi-pencil\"><\/i><span class=\"vc_tta-title-text\">Nivel Tecnol\u00f3gico<\/span><i class=\"vc_tta-controls-icon vc_tta-controls-icon-plus\"><\/i><\/a><\/h4><\/div><div class=\"vc_tta-panel-body\">\n\t<div class=\"wpb_text_column wpb_content_element\" >\n\t\t<div class=\"wpb_wrapper\">\n\t\t\t<ol>\n<li>Diligencie e Imprima el formulario de inscripci\u00f3n (debe llenar todos los datos solicitados y escoger el programa):\u00a0<strong><span style=\"color: #008000;\"><a style=\"color: #008000;\" href=\"https:\/\/academusoft.uts.edu.co\/uts\/academusoft\/academico\/inscripcionLinea4\/ind_ins_pub_seguro.jsp\" target=\"_blank\" rel=\"noopener\">Aqu\u00ed.<\/a><\/span><\/strong><\/li>\n<li>Imprima el recibo de pago de la inscripci\u00f3n.\u00a0<span style=\"color: #008000;\"><strong><a style=\"color: #008000;\" href=\"https:\/\/utsvirtual.edu.co\" target=\"_blank\" rel=\"noopener noreferrer\">Aqu\u00ed<\/a>,<\/strong><\/span> <span style=\"color: #ff0000;\">\u00bf<a style=\"color: #ff0000;\" href=\"https:\/\/app.vyond.com\/videos\/96b277a3-a15f-4c18-a3f2-e64a5560569a\" target=\"_blank\" rel=\"noopener noreferrer\">Ver c\u00f3mo<\/a>?<\/span><\/li>\n<li>Pague los derechos de inscripci\u00f3n en el banco asignado en el recibo.<\/li>\n<\/ol>\n<div class=\"titulo-siderbar\">\n<p><span style=\"color: #008000;\"><strong>REQUISITOS DE ADMISI\u00d3N:<\/strong><\/span><\/p>\n<p>Adjunte los siguientes documentos al finalizar su inscripci\u00f3n <strong><span style=\"color: #008000;\"><a style=\"color: #008000;\" href=\"http:\/\/academusoft.uts.edu.co\/uts\/academusoft\/academico\/inscripcionLinea4\/ind_ins_pub_seguro.jsp\" target=\"_blank\" rel=\"noopener noreferrer\">Aqu\u00ed.<\/a><\/span><\/strong> (deben ser legibles): \u00a0<span style=\"color: #ff0000;\"><a style=\"color: #ff0000;\" href=\"https:\/\/app.vyond.com\/videos\/1c094add-e63b-4e89-ab1c-39d1aa1053c3\" target=\"_blank\" rel=\"noopener noreferrer\">\u00bfC\u00f3mo lo hago?<\/a><\/span><\/p>\n<\/div>\n<div>\n<table style=\"border-collapse: collapse; width: 946px; height: 260px;\" border=\"1\" align=\"center\">\n<tbody>\n<tr style=\"height: 24px;\">\n<td style=\"width: 50.1315%; height: 24px; text-align: center; border-style: groove; background-color: #e9e9e9;\"><span style=\"color: #333333;\"><strong>Documentos<\/strong><\/span><\/td>\n<td style=\"width: 26.1749%; height: 24px; border-style: groove; background-color: #e9e9e9; text-align: center;\"><span style=\"color: #333333;\"><strong>Formatos<\/strong><\/span><\/td>\n<td style=\"width: 37.8805%; height: 24px; border-style: groove; background-color: #e9e9e9; text-align: center;\"><span style=\"color: #333333;\"><strong>Ejemplo<\/strong><\/span><\/td>\n<\/tr>\n<tr style=\"height: 24px;\">\n<td style=\"width: 50.1315%; height: 24px;\">Formulario de inscripci\u00f3n en formato PDF<\/td>\n<td style=\"width: 26.1749%; height: 24px; text-align: center;\">PDF<\/td>\n<td style=\"width: 37.8805%; height: 24px; text-align: center;\"><span style=\"color: #ff0000;\"><a style=\"color: #ff0000;\" href=\"https:\/\/www.utsvirtual.edu.co\/sitio\/wp-content\/uploads\/2023\/06\/Inscripcion_en_Linea_Nuevo-Tecnologia.pdf\" target=\"_blank\" rel=\"noopener noreferrer\">Ver<\/a><\/span><\/td>\n<\/tr>\n<tr style=\"height: 24px;\">\n<td style=\"width: 50.1315%; height: 24px; background-color: #e2efd9;\">Recibo pagado de la inscripci\u00f3n.<\/td>\n<td style=\"width: 26.1749%; height: 24px; background-color: #e2efd9; text-align: center;\">PDF<\/td>\n<td style=\"width: 37.8805%; height: 24px; background-color: #e2efd9; text-align: center;\"><span style=\"color: #ff0000;\"><a style=\"color: #ff0000;\" href=\"http:\/\/portal.uts.edu.co\/pdf\/04inscripcion-pagada.pdf\" target=\"_blank\" rel=\"noopener noreferrer\">Ver<\/a><\/span><\/td>\n<\/tr>\n<tr style=\"height: 24px;\">\n<td style=\"width: 50.1315%; height: 23px;\">Foto tipo documento en formato JPG<\/td>\n<td style=\"width: 26.1749%; height: 23px; text-align: center;\">JPG<\/td>\n<td style=\"width: 37.8805%; height: 23px; text-align: center;\"><span style=\"color: #ff0000;\"><a style=\"color: #ff0000;\" href=\"http:\/\/portal.uts.edu.co\/pdf\/img-foto-jpg.jpg\" target=\"_blank\" rel=\"noopener noreferrer\">Ver<\/a><\/span><\/td>\n<\/tr>\n<tr style=\"height: 24px;\">\n<td style=\"width: 50.1315%; height: 24px; background-color: #e2efd9;\">Diploma de bachiller o Acta de Grado en formato PDF<\/td>\n<td style=\"width: 26.1749%; height: 24px; background-color: #e2efd9; text-align: center;\">PDF<\/td>\n<td style=\"width: 37.8805%; height: 24px; background-color: #e2efd9; text-align: center;\"><span style=\"color: #ff0000;\"><a style=\"color: #ff0000;\" href=\"http:\/\/portal.uts.edu.co\/pdf\/05bachiller.pdf\" target=\"_blank\" rel=\"noopener noreferrer\">Ver<\/a><\/span><\/td>\n<\/tr>\n<tr style=\"height: 24px;\">\n<td style=\"width: 50.1315%; height: 24px;\">Documento de identidad ampliado al 150% en formato PDF<\/td>\n<td style=\"width: 26.1749%; height: 24px; text-align: center;\">PDF<\/td>\n<td style=\"width: 37.8805%; height: 24px; text-align: center;\"><span style=\"color: #ff0000;\"><a style=\"color: #ff0000;\" href=\"http:\/\/portal.uts.edu.co\/pdf\/06documento.pdf\" target=\"_blank\" rel=\"noopener noreferrer\">Ver<\/a><\/span><\/td>\n<\/tr>\n<tr style=\"height: 24px;\">\n<td style=\"width: 50.1315%; height: 24px; background-color: #e2efd9;\">Pruebas del Estado (ICFES o SABER PRO) \u00a0en formato PDF<\/td>\n<td style=\"width: 26.1749%; height: 24px; background-color: #e2efd9; text-align: center;\">PDF<\/td>\n<td style=\"width: 37.8805%; height: 24px; background-color: #e2efd9; text-align: center;\"><span style=\"color: #ff0000;\"><a style=\"color: #ff0000;\" href=\"http:\/\/portal.uts.edu.co\/pdf\/07icfes.pdf\" target=\"_blank\" rel=\"noopener noreferrer\">Ver<\/a><\/span><\/td>\n<\/tr>\n<tr style=\"height: 24px;\">\n<td style=\"width: 50.1315%; height: 24px; text-align: justify;\">Recibo de servicio p\u00fablico (Agua, Luz o Gas) del lugar de residencia en formato PDF.<span style=\"color: #008000;\"> <strong>Nota: La direcci\u00f3n registrada como residencia debe ser la misma del recibo de servicio p\u00fablico).<\/strong><\/span><\/td>\n<td style=\"width: 26.1749%; height: 24px; text-align: center;\">PDF<\/td>\n<td style=\"width: 37.8805%; height: 24px; text-align: center;\"><a href=\"https:\/\/periodismopublico.com\/wp-content\/uploads\/2020\/08\/Factura-acueducto-Soacha.jpg\" target=\"_blank\" rel=\"noopener\"><span style=\"color: #ff0000;\">Ver<\/span><\/a><\/td>\n<\/tr>\n<\/tbody>\n<\/table>\n<p><span style=\"color: #339966;\"><b>Informaci\u00f3n<\/b><\/span><strong><span style=\"color: #339966;\">\u00a0de contacto\u00a0<\/span><\/strong><\/p>\n<p><b>Direcci\u00f3n Educaci\u00f3n Virtual<\/b><br \/>\nTel: (+ 57)+60+7 + 6917700 ext. 4308<br \/>\n<a href=\"mailto:direccionvirtual@correo.uts.edu.co\"><span style=\"color: #339966;\"><strong>direccionvirtual@correo.uts.edu.co<\/strong><\/span><\/a><\/p>\n<\/div>\n\n\t\t<\/div>\n\t<\/div>\n<\/div><\/div><div class=\"vc_tta-panel\" id=\"1682368571876-46009e91-9c68\" data-vc-content=\".vc_tta-panel-body\"><div class=\"vc_tta-panel-heading\"><h4 class=\"vc_tta-panel-title vc_tta-controls-icon-position-left\"><a href=\"#1682368571876-46009e91-9c68\" data-vc-accordion data-vc-container=\".vc_tta-container\"><i class=\"vc_tta-icon vc-oi vc-oi-pencil\"><\/i><span class=\"vc_tta-title-text\">Nivel Universitario<\/span><i class=\"vc_tta-controls-icon vc_tta-controls-icon-plus\"><\/i><\/a><\/h4><\/div><div class=\"vc_tta-panel-body\">\n\t<div class=\"wpb_text_column wpb_content_element\" >\n\t\t<div class=\"wpb_wrapper\">\n\t\t\t<ol>\n<li>Diligencie e Imprima el formulario de inscripci\u00f3n (debe llenar todos los datos solicitados y escoger el programa):\u00a0<strong><span style=\"color: #008000;\"><a style=\"color: #008000;\" href=\"https:\/\/academusoft.uts.edu.co\/uts\/academusoft\/academico\/inscripcionLinea4\/ind_ins_pub_seguro.jsp\" target=\"_blank\" rel=\"noopener\">Aqu\u00ed.<\/a><\/span><\/strong><\/li>\n<li>Al finalizar tu inscripci\u00f3n, debes adjuntar los siguientes documentos para finalizar el proceso.<\/li>\n<\/ol>\n<p><strong>NOTA: Solo se revisar\u00e1n los documentos de inscripci\u00f3n que est\u00e9n completos y correctos.<\/strong><\/p>\n<div class=\"titulo-siderbar\">\n<p><span style=\"color: #008000;\"><strong>REQUISITOS DE ADMISI\u00d3N:<\/strong><\/span><\/p>\n<p>Adjunte los siguientes documentos al finalizar su inscripci\u00f3n <strong><span style=\"color: #008000;\"><a style=\"color: #008000;\" href=\"http:\/\/academusoft.uts.edu.co\/uts\/academusoft\/academico\/inscripcionLinea4\/ind_ins_pub_seguro.jsp\" target=\"_blank\" rel=\"noopener noreferrer\">Aqu\u00ed.<\/a><\/span><\/strong> (deben ser legibles): \u00a0<span style=\"color: #ff0000;\"><a style=\"color: #ff0000;\" href=\"https:\/\/app.vyond.com\/videos\/1c094add-e63b-4e89-ab1c-39d1aa1053c3\" target=\"_blank\" rel=\"noopener noreferrer\">\u00bfC\u00f3mo lo hago?<\/a><\/span><\/p>\n<\/div>\n<div>\n<table style=\"border-collapse: collapse; width: 946px; height: 260px;\" border=\"1\" align=\"center\">\n<tbody>\n<tr style=\"height: 24px;\">\n<td style=\"width: 50%; height: 24px; text-align: center; border-style: groove; background-color: #e9e9e9;\"><span style=\"color: #333333;\"><strong>Documentos<\/strong><\/span><\/td>\n<td style=\"width: 26%; height: 24px; border-style: groove; background-color: #e9e9e9; text-align: center;\"><span style=\"color: #333333;\"><strong>Formatos<\/strong><\/span><\/td>\n<td style=\"width: 24%; height: 24px; border-style: groove; background-color: #e9e9e9; text-align: center;\"><span style=\"color: #333333;\"><strong>Ejemplo<\/strong><\/span><\/td>\n<\/tr>\n<tr style=\"height: 24px;\">\n<td style=\"width: 50%; height: 24px;\">Formulario de inscripci\u00f3n en formato PDF<\/td>\n<td style=\"width: 26%; height: 24px; text-align: center;\">PDF<\/td>\n<td style=\"width: 24%; height: 24px; text-align: center;\"><span style=\"color: #ff0000;\"><a style=\"color: #ff0000;\" href=\"https:\/\/www.utsvirtual.edu.co\/sitio\/wp-content\/uploads\/2023\/06\/Inscripcion_en_Linea_Nuevo-Profesional.pdf\" target=\"_blank\" rel=\"noopener noreferrer\">Ver<\/a><\/span><\/td>\n<\/tr>\n<tr style=\"height: 24px;\">\n<td style=\"width: 50%; height: 23px;\">Foto tipo documento en formato JPG<\/td>\n<td style=\"width: 26%; height: 23px; text-align: center;\">JPG<\/td>\n<td style=\"width: 24%; height: 23px; text-align: center;\"><span style=\"color: #ff0000;\"><a style=\"color: #ff0000;\" href=\"http:\/\/portal.uts.edu.co\/pdf\/img-foto-jpg.jpg\" target=\"_blank\" rel=\"noopener noreferrer\">Ver<\/a><\/span><\/td>\n<\/tr>\n<tr style=\"height: 24px;\">\n<td style=\"width: 50%; height: 24px; background-color: #e2efd9;\">Diploma de Tecn\u00f3logo de las UTS del nivel proped\u00e9utico anterior en PDF<\/td>\n<td style=\"width: 26%; height: 24px; background-color: #e2efd9; text-align: center;\">PDF<\/td>\n<td style=\"width: 24%; height: 24px; background-color: #e2efd9; text-align: center;\"><\/td>\n<\/tr>\n<tr style=\"height: 24px;\">\n<td style=\"width: 50%; height: 24px;\">Documento de identidad ampliado al 150% en formato PDF<\/td>\n<td style=\"width: 26%; height: 24px; text-align: center;\">PDF<\/td>\n<td style=\"width: 24%; height: 24px; text-align: center;\"><span style=\"color: #ff0000;\"><a style=\"color: #ff0000;\" href=\"http:\/\/portal.uts.edu.co\/pdf\/06documento.pdf\" target=\"_blank\" rel=\"noopener noreferrer\">Ver<\/a><\/span><\/td>\n<\/tr>\n<tr style=\"height: 24px;\">\n<td style=\"width: 50; height: 24px; background-color: #e2efd9;\" align=\"justify\">Manifiesto expedido por la coordinaci\u00f3n de cada programa, donde acredite la aprobaci\u00f3n del respectivo curso de nivelaci\u00f3n o que no se requiere; Solic\u00edtelo al correo electr\u00f3nico de su Coordinaci\u00f3n.<\/td>\n<td style=\"width: 26%; height: 24px; background-color: #e2efd9; text-align: center;\">PDF<\/td>\n<td style=\"width: 24%; height: 24px; background-color: #e2efd9; text-align: center;\"><\/td>\n<\/tr>\n<\/tbody>\n<\/table>\n<p><strong><span style=\"color: #339966;\">Correos electr\u00f3nico coordinaciones:<\/span><\/strong><\/p>\n<p><strong>Mercadeo<\/strong>: virtualmercadeo@correo.uts.edu.co<br \/>\n<strong>Contadur\u00eda P\u00fablica<\/strong>: virtualcontaduriapublica@correo.uts.edu.co<br \/>\n<strong>Administraci\u00f3n de Empresas<\/strong>: virtualadmonempresas@correo.uts.edu.co<br \/>\n<strong>Coordinaci\u00f3n Grupo de Educaci\u00f3n Virtual y TIC: <\/strong>tic@correo.uts.edu.co<\/p>\n<\/div>\n\n\t\t<\/div>\n\t<\/div>\n<\/div><\/div><\/div><\/div><\/div><\/div>\n\t<div class=\"wpb_text_column wpb_content_element\" >\n\t\t<div class=\"wpb_wrapper\">\n\t\t\t<p><span style=\"color: #000000;\">La publicaci\u00f3n del listado de admitidos se realizar\u00e1 el<\/span><strong style=\"color: #008000; text-align: justify;\"> d\u00eda 05 de agosto de 2026 <\/strong><span style=\"color: #000000;\">en la p\u00e1gina web institucional<\/span><strong style=\"color: #008000; text-align: justify;\">. <\/strong><span style=\"color: #ff0000;\">(Puede salir m\u00e1s de un listado de esa fecha en adelante)\u00a0<\/span><\/p>\n<p style=\"text-align: justify;\"><span style=\"color: #008000;\"><strong>Al momento de realizar la admisi\u00f3n se revisar\u00e1\u00a0que todos los documentos adjuntos est\u00e9n en el formato correcto y legibles<\/strong><\/span>, ante cualquier evento uno de nuestros asesores se comunicar\u00e1 con usted al correo electr\u00f3nico suministrados al momento de la inscripci\u00f3n en l\u00ednea, si esta toda la <span style=\"color: #000080;\"><strong>documentaci\u00f3n esta correcta<\/strong><\/span> y queda en <span style=\"color: #000080;\"><strong>estado admitido seg\u00fan el listado publicado<\/strong><\/span> podr\u00e1 proceder a <span style=\"color: #000080;\"><strong>descargar su liquidaci\u00f3n de pago de matr\u00edcula<\/strong><\/span>.<\/p>\n<div>\n<p><strong><span style=\"color: #008000;\">DESCARGUE LA LIQUIDACI\u00d3N DEL PAGO DE LA MATR\u00cdCULA<\/span><\/strong><\/p>\n<\/div>\n<div>\n<div class=\"parrafo-siderbar\">\n<ul>\n<li style=\"text-align: justify;\"><span style=\"color: #008000;\"><strong>Del 16 al 23 de julio de 2026 <\/strong><\/span>puedes descargar la liquidaci\u00f3n del pago de la matr\u00edcula, digitando el n\u00famero de documento de identidad con el cual se inscribi\u00f3.\u00a0 Paga los derechos de matr\u00edcula en los bancos asignados en el recibo. En el link<span style=\"color: #008000;\"> <a style=\"color: #008000;\" href=\"https:\/\/gdeco.uts.edu.co\/cupones\/\" target=\"_blank\" rel=\"noopener\"><strong>Imprimir Liquidaci\u00f3n aqu\u00ed.<\/strong><\/a><\/span><\/li>\n<li style=\"text-align: left;\">Pague los derechos de matr\u00edcula en los bancos asignados en la liquidaci\u00f3n.<\/li>\n<\/ul>\n<div class=\"titulo-siderbar\"><span style=\"color: #008000;\"><strong>PROCESO DE MATRICULA<\/strong><\/span><\/div>\n<p style=\"text-align: justify;\">El proceso de matr\u00edcula se realizar\u00e1 <strong><span style=\"color: #008000;\">hasta el 25 de julio<\/span><\/strong><strong><span style=\"color: #008000;\">; 48 horas h\u00e1biles<\/span>\u00a0<\/strong>despu\u00e9s de realizado el pago de los derechos pecuniarios; la Instituci\u00f3n realizar\u00e1 tu matr\u00edcula y enviar\u00e1 un correo electr\u00f3nico con la informaci\u00f3n pertinente al proceso: C\u00f3mo generar el usuario de sistema acad\u00e9mico, c\u00f3mo ver los horarios, etc.<\/p>\n<p><span style=\"color: #008000;\"><strong>PUBLICACI\u00d3N LISTA DE MATRICULADOS<\/strong><\/span><br \/>\nLa publicaci\u00f3n del listado de matriculados se realizar\u00e1 el d\u00eda <span style=\"color: #008000;\"><strong>05 agosto de 2026<\/strong><\/span>\u00a0en la p\u00e1gina web Institucional de virtualidad.<\/p>\n<\/div>\n<\/div>\n\n\t\t<\/div>\n\t<\/div>\n<div class=\"vc_message_box vc_message_box-standard vc_message_box-rounded vc_color-vista_blue vc_do_message\" ><div class=\"vc_message_box-icon\"><i class=\"far fa-address-book\"><\/i><\/div><p><span style=\"color: #008000;\"><strong>Asesor\u00eda en el proceso de Inscripciones &#8211; modalidad virtual:\u00a0<\/strong><\/span><br \/>\n<strong>Correo<\/strong>:\u00a0<a href=\"mailto:admisionesacademico@correo.uts.edu.co\">admisiones@correo.uts.edu.co<\/a><br \/>\n<strong>Conmutador<\/strong>: 6917700<br \/>\nExtensiones: 2101-2102<\/p>\n<\/div><div class=\"vc_message_box vc_message_box-standard vc_message_box-rounded vc_color-alert-warning vc_do_message\" ><div class=\"vc_message_box-icon\"><i class=\"fa fa-solid fa-circle-info\"><\/i><\/div><p style=\"text-align: justify;\"><strong>Nota: <\/strong>Para acceder a las becas de la pol\u00edtica de Estado de gratuidad en la matr\u00edcula otorgadas por el Ministerio de Educaci\u00f3n Nacional, se debe estar registrado en la base certificada nacional del SISBEN IV, por lo tanto, usted debe registrar esta informaci\u00f3n en el formulario de inscripci\u00f3n, la cual ser\u00e1 verificada por la Instituci\u00f3n.<\/p>\n<\/div><\/div><\/div><\/div><\/div>\n<\/div>","protected":false},"excerpt":{"rendered":"Si usted es estudiante antiguo, le invitamos a revisar nuestro apartado de Posesos virtuales en el espacio digital \u00a0 Matr\u00edcula Estudiantes Antiguos Modalidad Virtual Video Tutorial para Inscripciones de aspirantes&hellip;","protected":false},"author":1,"featured_media":0,"parent":0,"menu_order":0,"comment_status":"closed","ping_status":"closed","template":"","meta":{"_monsterinsights_skip_tracking":false,"_monsterinsights_sitenote_active":false,"_monsterinsights_sitenote_note":"","_monsterinsights_sitenote_category":0,"_uf_show_specific_survey":0,"_uf_disable_surveys":false,"footnotes":""},"class_list":["post-656","page","type-page","status-publish","hentry"],"aioseo_notices":[],"_links":{"self":[{"href":"https:\/\/www.utsvirtual.edu.co\/sitio\/wp-json\/wp\/v2\/pages\/656","targetHints":{"allow":["GET"]}}],"collection":[{"href":"https:\/\/www.utsvirtual.edu.co\/sitio\/wp-json\/wp\/v2\/pages"}],"about":[{"href":"https:\/\/www.utsvirtual.edu.co\/sitio\/wp-json\/wp\/v2\/types\/page"}],"author":[{"embeddable":true,"href":"https:\/\/www.utsvirtual.edu.co\/sitio\/wp-json\/wp\/v2\/users\/1"}],"replies":[{"embeddable":true,"href":"https:\/\/www.utsvirtual.edu.co\/sitio\/wp-json\/wp\/v2\/comments?post=656"}],"version-history":[{"count":79,"href":"https:\/\/www.utsvirtual.edu.co\/sitio\/wp-json\/wp\/v2\/pages\/656\/revisions"}],"predecessor-version":[{"id":18033,"href":"https:\/\/www.utsvirtual.edu.co\/sitio\/wp-json\/wp\/v2\/pages\/656\/revisions\/18033"}],"wp:attachment":[{"href":"https:\/\/www.utsvirtual.edu.co\/sitio\/wp-json\/wp\/v2\/media?parent=656"}],"curies":[{"name":"wp","href":"https:\/\/api.w.org\/{rel}","templated":true}]}}