{"id":769,"date":"2018-08-29T22:28:25","date_gmt":"2018-08-29T22:28:25","guid":{"rendered":"https:\/\/www.utsvirtual.edu.co\/sitio\/?page_id=769"},"modified":"2026-02-10T22:47:14","modified_gmt":"2026-02-10T22:47:14","slug":"consejo-directivo-y-academico","status":"publish","type":"page","link":"https:\/\/www.utsvirtual.edu.co\/sitio\/consejo-directivo-y-academico\/","title":{"rendered":"Consejo Directivo y Acad\u00e9mico"},"content":{"rendered":"<div class=\"wpb-content-wrapper\"><div class=\"vc_row wpb_row vc_row-fluid\"><div class=\"wpb_column vc_column_container vc_col-sm-3\"><div class=\"vc_column-inner\"><div class=\"wpb_wrapper\"><div  class=\"vc_wp_custommenu wpb_content_element\"><div class=\"widget widget_nav_menu\"><div class=\"menu-institucion-container\"><ul id=\"menu-institucion\" class=\"menu\"><li id=\"menu-item-727\" class=\"menu-item menu-item-type-post_type menu-item-object-page menu-item-727\"><a href=\"https:\/\/www.utsvirtual.edu.co\/sitio\/nosotros\/\">Instituci\u00f3n<\/a><\/li>\n<li id=\"menu-item-801\" class=\"menu-item menu-item-type-post_type menu-item-object-page menu-item-801\"><a href=\"https:\/\/www.utsvirtual.edu.co\/sitio\/mision-vision-y-principios\/\">Misi\u00f3n, Visi\u00f3n y Principios<\/a><\/li>\n<li id=\"menu-item-752\" class=\"menu-item menu-item-type-post_type menu-item-object-page menu-item-752\"><a href=\"https:\/\/www.utsvirtual.edu.co\/sitio\/direccion\/\">Direcci\u00f3n<\/a><\/li>\n<li id=\"menu-item-764\" class=\"menu-item menu-item-type-post_type menu-item-object-page menu-item-764\"><a href=\"https:\/\/www.utsvirtual.edu.co\/sitio\/historia-de-las-uts\/\">Historia de las UTS<\/a><\/li>\n<li id=\"menu-item-776\" class=\"menu-item menu-item-type-post_type menu-item-object-page menu-item-776\"><a href=\"https:\/\/www.utsvirtual.edu.co\/sitio\/consejo-directivo-y-academico\/\">Consejo Directivo y Acad\u00e9mico<\/a><\/li>\n<li id=\"menu-item-783\" class=\"menu-item menu-item-type-post_type menu-item-object-page menu-item-783\"><a href=\"https:\/\/www.utsvirtual.edu.co\/sitio\/estructura-organizacional\/\">Estructura Organizacional<\/a><\/li>\n<li id=\"menu-item-728\" class=\"menu-item menu-item-type-post_type menu-item-object-page menu-item-728\"><a href=\"https:\/\/www.utsvirtual.edu.co\/sitio\/programas\/\">Programas<\/a><\/li>\n<\/ul><\/div><\/div><\/div><\/div><\/div><\/div><div class=\"wpb_column vc_column_container vc_col-sm-9\"><div class=\"vc_column-inner\"><div class=\"wpb_wrapper\">\n\t<div class=\"wpb_text_column wpb_content_element\" >\n\t\t<div class=\"wpb_wrapper\">\n\t\t\t<h3 class=\"titulo-siderbar\"><span style=\"color: #008000;\"><strong>Consejo Directivo<\/strong><\/span><\/h3>\n<h3 class=\"titulo-siderbar\"><span style=\"color: #008000;\"><strong><a href=\"https:\/\/www.utsvirtual.edu.co\/sitio\/wp-content\/uploads\/2023\/09\/6-Nosotros-Consejo-directivo-y-academico-100.jpg\"><img loading=\"lazy\" decoding=\"async\" class=\"alignnone size-large wp-image-16392\" src=\"https:\/\/www.utsvirtual.edu.co\/sitio\/wp-content\/uploads\/2023\/09\/6-Nosotros-Consejo-directivo-y-academico-100-1024x400.jpg\" alt=\"\" width=\"1024\" height=\"400\" srcset=\"https:\/\/www.utsvirtual.edu.co\/sitio\/wp-content\/uploads\/2023\/09\/6-Nosotros-Consejo-directivo-y-academico-100-1024x400.jpg 1024w, https:\/\/www.utsvirtual.edu.co\/sitio\/wp-content\/uploads\/2023\/09\/6-Nosotros-Consejo-directivo-y-academico-100-300x117.jpg 300w, https:\/\/www.utsvirtual.edu.co\/sitio\/wp-content\/uploads\/2023\/09\/6-Nosotros-Consejo-directivo-y-academico-100-150x59.jpg 150w, https:\/\/www.utsvirtual.edu.co\/sitio\/wp-content\/uploads\/2023\/09\/6-Nosotros-Consejo-directivo-y-academico-100-768x300.jpg 768w, https:\/\/www.utsvirtual.edu.co\/sitio\/wp-content\/uploads\/2023\/09\/6-Nosotros-Consejo-directivo-y-academico-100-1536x600.jpg 1536w, https:\/\/www.utsvirtual.edu.co\/sitio\/wp-content\/uploads\/2023\/09\/6-Nosotros-Consejo-directivo-y-academico-100.jpg 1600w\" sizes=\"auto, (max-width: 1024px) 100vw, 1024px\" \/><\/a><\/strong><\/span><\/h3>\n<ul>\n<li>Delegado del Gobernador de Santander (Presidente de la Sesi\u00f3n): <strong><em>Doctora, Yaneth Karina Araujo Maestre<\/em><\/strong><\/li>\n<li>Delegado de Presidente de la Republica:<strong> <em>Doctor,<\/em>\u00a0Sergio Antonio Moreno Olarte\u00a0<\/strong><\/li>\n<li>Delegada de la Ministra de Educaci\u00f3n Nacional: <strong><em>Doctor,<\/em> Ruben Dario Moreno Martinez<\/strong><\/li>\n<li>Representante de las Directivas Acad\u00e9micas:<strong> <em>Ingeniero,<\/em> Favio Eduardo Solano Castellanos<\/strong><\/li>\n<li>Representante del sector productivo: <strong><em>Ingeniero, <\/em><\/strong><strong>Rafael Alfonso Ortiz Sep\u00falveda<\/strong><\/li>\n<li>Representante de los Ex Rectores:\u00a0<strong>Doctor Prudencio Antonio Becerra Reyes<\/strong><\/li>\n<li>Representante de los Docentes: <strong><em>Ingeniero,<\/em><\/strong><strong> Ricardo Alvarado Jaimes\u00a0<\/strong><\/li>\n<li>Representante de los Egresados: <strong><em>Doctora, Yulieth Rocio Pimiento Escobar<\/em><\/strong><\/li>\n<li>Representante de los Estudiantes:\u00a0 <strong>Valeria Suarez Archila<\/strong><\/li>\n<li>Rector Unidades Tecnol\u00f3gicas de Santander:\u00a0<strong>Profesor Ph.D. Omar Lengerke P\u00e9rez<\/strong><\/li>\n<li>Secretario del Consejo Directivo: <strong>Dr. <\/strong><strong><strong>\u00c9dgar Pach\u00f3n Arciniegas<\/strong><\/strong><\/li>\n<\/ul>\n<h3><span style=\"color: #008000;\"><strong>Consejo Acad\u00e9mico<\/strong><\/span><\/h3>\n<div class=\"parrafo-siderbar\">\n<ul>\n<li>Rector:\u00a0<strong>Dr. Omar Lengerke P\u00e9rez<\/strong><\/li>\n<li>Vicerrector:\u00a0<strong>Dr. Alberto Serrano Acevedo<\/strong><\/li>\n<li>Decano Facultad Ciencias Socioecon\u00f3micas y Empresariales:\u00a0<strong>Dr. Orlando Orduz Corredor<\/strong><\/li>\n<li>Decano Facultad Ciencias Naturales e Ingenier\u00edas:\u00a0<strong>Ing.\u00a0Favio Eduardo Solano Castellanos<\/strong><\/li>\n<li>Representante de los Docentes: <strong>Edwin Andr\u00e9s Hern\u00e1ndez \u00c1lvarez<\/strong><\/li>\n<li>Representante de los Coordinadores : <strong><em>Ingeniera,<\/em>\u00a0Sylvia Mar\u00eda Villareal Archila<\/strong><\/li>\n<li>Representante de los Estudiantes: <strong>Catherine Janely Sandoval Calder\u00f3n<\/strong><\/li>\n<li>Secretario General y del Consejo Acad\u00e9mico:\u00a0<strong>Dr. \u00c9dgar Pach\u00f3n Arciniegas<\/strong><\/li>\n<\/ul>\n<\/div>\n\n\t\t<\/div>\n\t<\/div>\n<\/div><\/div><\/div><\/div>\n<\/div>","protected":false},"excerpt":{"rendered":"Instituci\u00f3n Misi\u00f3n, Visi\u00f3n y Principios Direcci\u00f3n Historia de las UTS Consejo Directivo y Acad\u00e9mico Estructura Organizacional Programas Consejo Directivo Delegado del Gobernador de Santander (Presidente de la Sesi\u00f3n): Doctora, Yaneth&hellip;","protected":false},"author":1,"featured_media":0,"parent":0,"menu_order":0,"comment_status":"closed","ping_status":"closed","template":"","meta":{"_monsterinsights_skip_tracking":false,"_monsterinsights_sitenote_active":false,"_monsterinsights_sitenote_note":"","_monsterinsights_sitenote_category":0,"_uf_show_specific_survey":0,"_uf_disable_surveys":false,"footnotes":""},"class_list":["post-769","page","type-page","status-publish","hentry"],"aioseo_notices":[],"_links":{"self":[{"href":"https:\/\/www.utsvirtual.edu.co\/sitio\/wp-json\/wp\/v2\/pages\/769","targetHints":{"allow":["GET"]}}],"collection":[{"href":"https:\/\/www.utsvirtual.edu.co\/sitio\/wp-json\/wp\/v2\/pages"}],"about":[{"href":"https:\/\/www.utsvirtual.edu.co\/sitio\/wp-json\/wp\/v2\/types\/page"}],"author":[{"embeddable":true,"href":"https:\/\/www.utsvirtual.edu.co\/sitio\/wp-json\/wp\/v2\/users\/1"}],"replies":[{"embeddable":true,"href":"https:\/\/www.utsvirtual.edu.co\/sitio\/wp-json\/wp\/v2\/comments?post=769"}],"version-history":[{"count":2,"href":"https:\/\/www.utsvirtual.edu.co\/sitio\/wp-json\/wp\/v2\/pages\/769\/revisions"}],"predecessor-version":[{"id":17654,"href":"https:\/\/www.utsvirtual.edu.co\/sitio\/wp-json\/wp\/v2\/pages\/769\/revisions\/17654"}],"wp:attachment":[{"href":"https:\/\/www.utsvirtual.edu.co\/sitio\/wp-json\/wp\/v2\/media?parent=769"}],"curies":[{"name":"wp","href":"https:\/\/api.w.org\/{rel}","templated":true}]}}