{"id":798,"date":"2018-08-31T01:48:36","date_gmt":"2018-08-31T01:48:36","guid":{"rendered":"https:\/\/www.utsvirtual.edu.co\/sitio\/?page_id=798"},"modified":"2023-09-18T06:03:03","modified_gmt":"2023-09-18T06:03:03","slug":"mision-vision-y-principios","status":"publish","type":"page","link":"https:\/\/www.utsvirtual.edu.co\/sitio\/mision-vision-y-principios\/","title":{"rendered":"Misi\u00f3n, Visi\u00f3n y Principios"},"content":{"rendered":"<div class=\"titulo-siderbar\">\n<h3><strong><span style=\"color: #008000;\"><a href=\"https:\/\/www.utsvirtual.edu.co\/sitio\/wp-content\/uploads\/2023\/09\/3-Nosotros-Mision-vision-y-principios-100.jpg\"><img fetchpriority=\"high\" decoding=\"async\" class=\"size-large wp-image-16378 aligncenter\" src=\"https:\/\/www.utsvirtual.edu.co\/sitio\/wp-content\/uploads\/2023\/09\/3-Nosotros-Mision-vision-y-principios-100-1024x400.jpg\" alt=\"\" width=\"1024\" height=\"400\" srcset=\"https:\/\/www.utsvirtual.edu.co\/sitio\/wp-content\/uploads\/2023\/09\/3-Nosotros-Mision-vision-y-principios-100-1024x400.jpg 1024w, https:\/\/www.utsvirtual.edu.co\/sitio\/wp-content\/uploads\/2023\/09\/3-Nosotros-Mision-vision-y-principios-100-300x117.jpg 300w, https:\/\/www.utsvirtual.edu.co\/sitio\/wp-content\/uploads\/2023\/09\/3-Nosotros-Mision-vision-y-principios-100-150x59.jpg 150w, https:\/\/www.utsvirtual.edu.co\/sitio\/wp-content\/uploads\/2023\/09\/3-Nosotros-Mision-vision-y-principios-100-768x300.jpg 768w, https:\/\/www.utsvirtual.edu.co\/sitio\/wp-content\/uploads\/2023\/09\/3-Nosotros-Mision-vision-y-principios-100-1536x600.jpg 1536w, https:\/\/www.utsvirtual.edu.co\/sitio\/wp-content\/uploads\/2023\/09\/3-Nosotros-Mision-vision-y-principios-100.jpg 1600w\" sizes=\"(max-width: 1024px) 100vw, 1024px\" \/><\/a><\/span><\/strong><\/h3>\n<h3><strong><span style=\"color: #008000;\">Misi\u00f3n<\/span><\/strong><\/h3>\n<\/div>\n<div class=\"parrafo-siderbar\">\n<p style=\"text-align: justify;\">Somos una Instituci\u00f3n p\u00fablica de educaci\u00f3n superior del orden departamental, dedicada a la formaci\u00f3n de profesionales, con actitud cr\u00edtica, \u00e9tica, creativa e innovadora, soportada en procesos acad\u00e9micos de calidad, generaci\u00f3n de conocimiento, desarrollo tecnol\u00f3gico y movilidad de actores acad\u00e9micos, apoyados en modelos de gesti\u00f3n administrativa y financiera efectivos para contribuir al desarrollo humano sostenible de su entorno regional, nacional e internacional.<\/p>\n<h3><strong><span style=\"color: #008000;\">Visi\u00f3n<\/span><\/strong><\/h3>\n<\/div>\n<p style=\"text-align: justify;\">Las <strong>Unidades Tecnol\u00f3gicas de Santander<\/strong> ser\u00e1n una Instituci\u00f3n universitaria, acreditada y reconocida por la calidad en la formaci\u00f3n de ciudadanos de bien, que contribuir\u00e1n al desarrollo social, econ\u00f3mico, cient\u00edfico, tecnol\u00f3gico, ambiental y cultural de la sociedad.<\/p>\n<h3><strong style=\"color: #008000;\">Principios<\/strong><\/h3>\n<div>\n<p style=\"text-align: justify;\">Los principios, son normas o ideas fundamentales que rigen el pensamiento o la conducta de los integrantes de un grupo humano., y en suma se busca que todos los miembros de la organizaci\u00f3n internalicen y vivan en armon\u00eda.<\/p>\n<ul>\n<li>\n<p style=\"text-align: justify;\"><strong><span style=\"color: #008000;\">Bio\u00e9tica<\/span><\/strong>: El ideal y la dignidad de la persona han sido esenciales en la construcci\u00f3n de un nuevo paradigma para la sociedad contempor\u00e1nea. La bio\u00e9tica, como una nueva \u00e9tica, como un esfuerzo de establecer el di\u00e1logo entre la \u00e9tica (ethike) y la vida (bios). Trata una amplia gama de cuestiones relativas a las personas, en forma individual en campos que van desde la ontolog\u00eda de la persona, la dignidad humana y la calidad de vida y el mantenimiento de los soportes vitales, como lo social, la vida del hombre en las sociedad\/es actual\/es.<\/p>\n<\/li>\n<li><span style=\"color: #008000;\"><strong>Responsabilidad<\/strong> <strong>social<\/strong><\/span>. En cumplimiento del mandato Constitucional, y por su car\u00e1cter de entidad p\u00fablica, el eje principal del accionar institucional es la responsabilidad social frente a los sectores vulnerables de la sociedad.<\/li>\n<li>\n<p style=\"text-align: justify;\"><strong><span style=\"color: #008000;\">Pluridiversidad<\/span><\/strong>. Las UTS promueven la libertad de ense\u00f1anza, la investigaci\u00f3n y la difusi\u00f3n del pensamiento en un ambiente de pluralismo ideol\u00f3gico y diversidad cultural que haga posible la cr\u00edtica y el debate p\u00fablicos. Los procesos de generaci\u00f3n y circulaci\u00f3n del conocimiento se deben dar dentro de una pluralidad de paradigmas, m\u00e9todos y estilos de representaci\u00f3n de la ciencia, coherentes con la naturaleza del proceso de construcci\u00f3n del conocimiento en cada disciplina.<\/p>\n<\/li>\n<li>\n<p style=\"text-align: justify;\"><span style=\"color: #008000;\"><strong>Equidad<\/strong>.<\/span> Las UTS promueven el respeto y prevalencia del inter\u00e9s p\u00fablico sobre el particular y la defensa de la igualdad de oportunidades. Reafirma como valores corporativos la justicia, el amor a la patria, el respeto a la diversidad \u00e9tnica y cultural, el ejercicio de la democracia y la tolerancia.<\/p>\n<\/li>\n<li>\n<p style=\"text-align: justify;\"><span style=\"color: #339966;\"><strong>Excelencia<\/strong> <strong>acad\u00e9mica<\/strong>.<\/span> Las UTS se comprometen en la b\u00fasqueda de niveles de excelencia para obtener logros cada vez mayores en procesos acad\u00e9micos de calidad y con pertinencia social.<\/p>\n<\/li>\n<\/ul>\n<h3 class=\"titulo-siderbar\"><strong><span style=\"color: #008000;\">Valores \u00c9ticos<\/span><\/strong><\/h3>\n<div class=\"parrafo-siderbar\">\n<ul>\n<li>\n<p style=\"text-align: justify;\"><span style=\"color: #008000;\"><strong>HONESTIDAD<\/strong>:<\/span> Entendemos que los intereses colectivos deben prevalecer al inter\u00e9s particular y que el actuar se realice con la debida transparencia y est\u00e9 dirigido a alcanzar los prop\u00f3sitos misionales.<\/p>\n<\/li>\n<li>\n<p style=\"text-align: justify;\"><strong><span style=\"color: #008000;\">LEALTAD<\/span><\/strong>: Guardar confidencialidad respecto a la informaci\u00f3n de la entidad y en caso de conflicto de intereses abstenerse de opinar de los asuntos. Velar por el buen nombre de la instituci\u00f3n, dentro y fuera de ella y hacer observaciones y sugerencias que permitan elevar la calidad de la educaci\u00f3n que se imparte.<\/p>\n<\/li>\n<li>\n<p style=\"text-align: justify;\"><strong><span style=\"color: #008000;\">RESPETO<\/span><\/strong>: El respeto implica la comprensi\u00f3n y la aceptaci\u00f3n de la condici\u00f3n inherente a las personas como seres humanos con derechos y deberes en un constante proceso de mejora espiritual y material.<\/p>\n<\/li>\n<li>\n<p style=\"text-align: justify;\"><strong><span style=\"color: #008000;\">SOLIDARIDAD<\/span><\/strong>: La disposici\u00f3n a ayudar a los compa\u00f1eros cuando necesiten de apoyo. Actuar siempre regidos por la cooperaci\u00f3n para lograr los objetivos propuestos por la entidad.<\/p>\n<\/li>\n<li>\n<p style=\"text-align: justify;\"><span style=\"color: #008000;\"><strong>JUSTICIA<\/strong>:<\/span> Damos a cada quien lo que le corresponde de conformidad con sus m\u00e9ritos y los derechos que le asisten.<\/p>\n<\/li>\n<li>\n<p style=\"text-align: justify;\"><span style=\"color: #008000;\"><strong>PERTENENCIA<\/strong>:<\/span> Mantenemos el deseo y la motivaci\u00f3n de aportar al desarrollo institucional mediante nuestra capacidad intelectual y f\u00edsica para servir con el mayor agrado, haciendo el proyecto de vida compatible con el proyecto laboral.<\/p>\n<\/li>\n<li>\n<p style=\"text-align: justify;\"><strong><span style=\"color: #008000;\">TOLERANCIA<\/span><\/strong>: Valoramos a los dem\u00e1s por lo que son y aceptamos con respeto lo distinto, lo diferente y lo que no es igual a nosotros.<\/p>\n<\/li>\n<li>\n<p style=\"text-align: justify;\"><span style=\"color: #008000;\"><strong>RESPONSABILIDAD INSTITUCIONAL<\/strong><\/span>: El manejo eficiente de los recursos en la realizaci\u00f3n de nuestras actividades se deben realizar de modo que se cumplan con excelencia y calidad los objetivos y metas Institucionales.<\/p>\n<\/li>\n<li>\n<p style=\"text-align: justify;\"><span style=\"color: #008000;\"><strong>RESPONSABILIDAD<\/strong> <strong>SOCIAL<\/strong><\/span>: Apoyamos las acciones realizadas para el ejercicio de la ciudadan\u00eda y el desarrollo local, regional y nacional, en especial aquellas dirigidas al mejoramiento de las condiciones de vida de los sectores m\u00e1s desprotegidos de la sociedad.<\/p>\n<\/li>\n<li>\n<p style=\"text-align: justify;\"><span style=\"color: #008000;\"><strong>RESPONSABILIDAD<\/strong> <strong>AMBIENTAL<\/strong><\/span>: Promovemos el cuidado del medio ambiente para garantizar la calidad de vida de las generaciones futuras, en el accionar de todas las \u00e1reas institucionales con la finalidad de generar pr\u00e1cticas responsables dentro del enfoque de sostenibilidad ambiental y la b\u00fasqueda de la eficiencia en los procesos para lograr un nivel \u00f3ptimo en el uso de los recursos.<\/p>\n<\/li>\n<li>\n<p style=\"text-align: justify;\"><strong><span style=\"color: #008000;\">CONVIVENCIA<\/span><\/strong>: Mantenemos la disposici\u00f3n al di\u00e1logo como punto de partida a la soluci\u00f3n de situaciones producto de las diferencias que se presenten en la interacci\u00f3n cotidiana entre los distintos miembros de la comunidad UTEISTA.<\/p>\n<\/li>\n<li>\n<p style=\"text-align: justify;\"><span style=\"color: #008000;\"><strong>IMPARCIALIDAD<\/strong>:<\/span> Actuar con legalidad, justicia e imparcialidad tanto en la prestaci\u00f3n de servicios como en las relaciones laborales sin tratar con privilegio o discriminaci\u00f3n, sin tener en cuenta su condici\u00f3n econ\u00f3mica, social, ideol\u00f3gica, pol\u00edtica, sexual, racial, religiosa o de cualquier otra naturaleza.<\/p>\n<\/li>\n<\/ul>\n<\/div>\n<\/div>\n","protected":false},"excerpt":{"rendered":"<p>Misi\u00f3n Somos una Instituci\u00f3n p\u00fablica de educaci\u00f3n superior del orden departamental, dedicada a la formaci\u00f3n de profesionales, con actitud cr\u00edtica, \u00e9tica, creativa e innovadora, soportada en procesos acad\u00e9micos de calidad,&hellip;<\/p>\n","protected":false},"author":1,"featured_media":0,"parent":0,"menu_order":0,"comment_status":"closed","ping_status":"closed","template":"","meta":{"_monsterinsights_skip_tracking":false,"_monsterinsights_sitenote_active":false,"_monsterinsights_sitenote_note":"","_monsterinsights_sitenote_category":0,"_uf_show_specific_survey":0,"_uf_disable_surveys":false,"footnotes":""},"class_list":["post-798","page","type-page","status-publish","hentry"],"aioseo_notices":[],"_links":{"self":[{"href":"https:\/\/www.utsvirtual.edu.co\/sitio\/wp-json\/wp\/v2\/pages\/798","targetHints":{"allow":["GET"]}}],"collection":[{"href":"https:\/\/www.utsvirtual.edu.co\/sitio\/wp-json\/wp\/v2\/pages"}],"about":[{"href":"https:\/\/www.utsvirtual.edu.co\/sitio\/wp-json\/wp\/v2\/types\/page"}],"author":[{"embeddable":true,"href":"https:\/\/www.utsvirtual.edu.co\/sitio\/wp-json\/wp\/v2\/users\/1"}],"replies":[{"embeddable":true,"href":"https:\/\/www.utsvirtual.edu.co\/sitio\/wp-json\/wp\/v2\/comments?post=798"}],"version-history":[{"count":4,"href":"https:\/\/www.utsvirtual.edu.co\/sitio\/wp-json\/wp\/v2\/pages\/798\/revisions"}],"predecessor-version":[{"id":16385,"href":"https:\/\/www.utsvirtual.edu.co\/sitio\/wp-json\/wp\/v2\/pages\/798\/revisions\/16385"}],"wp:attachment":[{"href":"https:\/\/www.utsvirtual.edu.co\/sitio\/wp-json\/wp\/v2\/media?parent=798"}],"curies":[{"name":"wp","href":"https:\/\/api.w.org\/{rel}","templated":true}]}}